{"id":23015,"date":"2025-07-15T01:51:17","date_gmt":"2025-07-14T17:51:17","guid":{"rendered":"https:\/\/yeezy.xianzhi.org\/?post_type=product&#038;p=23015"},"modified":"2025-07-15T01:52:05","modified_gmt":"2025-07-14T17:52:05","slug":"yeezy-foam-rnnr-sand","status":"publish","type":"product","link":"https:\/\/yeezy.xianzhi.org\/?product=yeezy-foam-rnnr-sand","title":{"rendered":"Yeezy Foam RNNR Sand"},"content":{"rendered":"<div>\n<div>\n<p data-mce-fragment=\"1\">Quelques semaines apr\u00e8s la sortie de la\u00a0<strong><span class=\"s1\">Adidas Yeezy 450 Cloud White<\/span><\/strong>. la Adidas\u00a0Yeezy Foam RNNR\u00a0se d\u00e9voile dans des versions\u00a0<span data-mce-fragment=\"1\">&#8220;<\/span><strong data-mce-fragment=\"1\"><span class=\"s1\" data-mce-fragment=\"1\">MXT Moon Grey<\/span><\/strong><span data-mce-fragment=\"1\">&#8221; et &#8220;<\/span><strong data-mce-fragment=\"1\">Sand<\/strong><span data-mce-fragment=\"1\">&#8220;.<\/span><\/p>\n<p class=\"p2\">La<span>\u00a0<\/span><strong>Yeezy Foam RNNR Sand<\/strong><span>\u00a0<\/span>arbore une teinte unie beige. sur une structure \u00e9labor\u00e9e en une seule<span>\u00a0<\/span><strong>pi\u00e8ce moul\u00e9e<\/strong><span>\u00a0<\/span>et affichant des<span>\u00a0<\/span><strong>ondulations<\/strong><span>\u00a0<\/span>qui\u00a0assurent la ventilation et finissent d&#8217;octroyer un look<span>\u00a0<\/span><strong>futuriste<\/strong><span>\u00a0<\/span>\u00e0 la silhouette et aux lignes singuli\u00e8res.<\/p>\n<p class=\"p2\">Inspir\u00e9e de la\u00a0.<span>\u00a0<\/span>cette nouvelle d\u00e9clinaison en quantit\u00e9 tr\u00e8s limit\u00e9e\u00a0<span data-mce-fragment=\"1\">ne manquera pas de cr\u00e9er la sensation chez les amateurs du m\u00e9diatique designer.<\/span><\/p>\n<p data-mce-fragment=\"1\"><strong data-mce-fragment=\"1\">Date de sortie<\/strong><span data-mce-fragment=\"1\">\u00a0<\/span>: Mars 2021<br data-mce-fragment=\"1\"><strong data-mce-fragment=\"1\">Colorway<\/strong><span data-mce-fragment=\"1\">\u00a0<\/span>: SAND\/SAND\/SAND<\/p>\n<\/div>\n<\/div>\n","protected":false},"excerpt":{"rendered":"<p>Quelques semaines apr\u00e8s la sortie de la\u00a0Adidas Yeezy 45 [&hellip;]<\/p>\n","protected":false},"featured_media":23018,"template":"","meta":[],"product_brand":[],"product_cat":[176,42],"product_tag":[],"class_list":{"0":"post-23015","1":"product","2":"type-product","3":"status-publish","4":"has-post-thumbnail","6":"product_cat-sneakers","7":"product_cat-yeezy-foam-rnnr","9":"first","10":"instock","11":"sale","12":"shipping-taxable","13":"purchasable","14":"product-type-variable"},"_links":{"self":[{"href":"https:\/\/yeezy.xianzhi.org\/index.php?rest_route=\/wp\/v2\/product\/23015","targetHints":{"allow":["GET"]}}],"collection":[{"href":"https:\/\/yeezy.xianzhi.org\/index.php?rest_route=\/wp\/v2\/product"}],"about":[{"href":"https:\/\/yeezy.xianzhi.org\/index.php?rest_route=\/wp\/v2\/types\/product"}],"wp:featuredmedia":[{"embeddable":true,"href":"https:\/\/yeezy.xianzhi.org\/index.php?rest_route=\/wp\/v2\/media\/23018"}],"wp:attachment":[{"href":"https:\/\/yeezy.xianzhi.org\/index.php?rest_route=%2Fwp%2Fv2%2Fmedia&parent=23015"}],"wp:term":[{"taxonomy":"product_brand","embeddable":true,"href":"https:\/\/yeezy.xianzhi.org\/index.php?rest_route=%2Fwp%2Fv2%2Fproduct_brand&post=23015"},{"taxonomy":"product_cat","embeddable":true,"href":"https:\/\/yeezy.xianzhi.org\/index.php?rest_route=%2Fwp%2Fv2%2Fproduct_cat&post=23015"},{"taxonomy":"product_tag","embeddable":true,"href":"https:\/\/yeezy.xianzhi.org\/index.php?rest_route=%2Fwp%2Fv2%2Fproduct_tag&post=23015"}],"curies":[{"name":"wp","href":"https:\/\/api.w.org\/{rel}","templated":true}]}}