{"id":22956,"date":"2025-07-15T01:50:28","date_gmt":"2025-07-14T17:50:28","guid":{"rendered":"https:\/\/yeezy.xianzhi.org\/?post_type=product&#038;p=22956"},"modified":"2025-07-15T01:52:07","modified_gmt":"2025-07-14T17:52:07","slug":"adidas-yeezy-foam-rnnr-flax","status":"publish","type":"product","link":"https:\/\/yeezy.xianzhi.org\/?product=adidas-yeezy-foam-rnnr-flax","title":{"rendered":"Adidas Yeezy Foam RNNR Flax"},"content":{"rendered":"<p><meta charset=\"utf-8\"> <\/p>\n<p data-mce-fragment=\"1\">Silhouette des plus<span>\u00a0<\/span><strong>futuristes<\/strong>. la<span>\u00a0<\/span><span>\u00a0<\/span>fait son retour dans une nouvelle d\u00e9clinaison in\u00e9dite.\u00a0<\/p>\n<p data-mce-fragment=\"1\">La<span data-mce-fragment=\"1\">\u00a0<\/span><strong data-mce-fragment=\"1\">Adidas Yeezy Foam RNNR Flax<\/strong><span data-mce-fragment=\"1\">\u00a0s&#8217;accompagne. comme \u00e0 son habitude. de sa\u00a0<strong>structure atypique<\/strong>\u00a0dans un coloris\u00a0monochrome\u00a0<strong>marron<\/strong>. \u00c0 travers sa conception en mousse\u00a0<strong>EVA<\/strong>. on retrouve les diff\u00e9rents orifices habituels qui lui offrent une\u00a0<strong>respirabilit\u00e9 optimale<\/strong>.<\/span><\/p>\n<p data-mce-fragment=\"1\"><span data-mce-fragment=\"1\">\u00a0et\u00a0<strong>Kanye West<\/strong>\u00a0continuent de d\u00e9velopper ce mod\u00e8le qui ne laisse personne indiff\u00e9rent<\/span><\/p>\n<p data-mce-fragment=\"1\"><strong data-mce-fragment=\"1\">SKU<\/strong><span data-mce-fragment=\"1\">\u00a0<\/span>: HP5335<br data-mce-fragment=\"1\"><strong data-mce-fragment=\"1\">Date de sortie<\/strong><span data-mce-fragment=\"1\">\u00a0<\/span>:\u00a0Juin 2023<br data-mce-fragment=\"1\"><strong data-mce-fragment=\"1\">Colorway<\/strong><span data-mce-fragment=\"1\">\u00a0<\/span>:\u00a0FLAX\/FLAX\/FLAX<\/p>\n","protected":false},"excerpt":{"rendered":"<p>Silhouette des plus\u00a0futuristes. la\u00a0\u00a0fait son retour dan [&hellip;]<\/p>\n","protected":false},"featured_media":22960,"template":"","meta":[],"product_brand":[],"product_cat":[176,42],"product_tag":[],"class_list":{"0":"post-22956","1":"product","2":"type-product","3":"status-publish","4":"has-post-thumbnail","6":"product_cat-sneakers","7":"product_cat-yeezy-foam-rnnr","9":"first","10":"instock","11":"sale","12":"shipping-taxable","13":"purchasable","14":"product-type-variable"},"_links":{"self":[{"href":"https:\/\/yeezy.xianzhi.org\/index.php?rest_route=\/wp\/v2\/product\/22956","targetHints":{"allow":["GET"]}}],"collection":[{"href":"https:\/\/yeezy.xianzhi.org\/index.php?rest_route=\/wp\/v2\/product"}],"about":[{"href":"https:\/\/yeezy.xianzhi.org\/index.php?rest_route=\/wp\/v2\/types\/product"}],"wp:featuredmedia":[{"embeddable":true,"href":"https:\/\/yeezy.xianzhi.org\/index.php?rest_route=\/wp\/v2\/media\/22960"}],"wp:attachment":[{"href":"https:\/\/yeezy.xianzhi.org\/index.php?rest_route=%2Fwp%2Fv2%2Fmedia&parent=22956"}],"wp:term":[{"taxonomy":"product_brand","embeddable":true,"href":"https:\/\/yeezy.xianzhi.org\/index.php?rest_route=%2Fwp%2Fv2%2Fproduct_brand&post=22956"},{"taxonomy":"product_cat","embeddable":true,"href":"https:\/\/yeezy.xianzhi.org\/index.php?rest_route=%2Fwp%2Fv2%2Fproduct_cat&post=22956"},{"taxonomy":"product_tag","embeddable":true,"href":"https:\/\/yeezy.xianzhi.org\/index.php?rest_route=%2Fwp%2Fv2%2Fproduct_tag&post=22956"}],"curies":[{"name":"wp","href":"https:\/\/api.w.org\/{rel}","templated":true}]}}