{"id":22938,"date":"2025-07-15T01:43:19","date_gmt":"2025-07-14T17:43:19","guid":{"rendered":"https:\/\/yeezy.xianzhi.org\/?post_type=product&#038;p=22938"},"modified":"2025-07-15T01:47:41","modified_gmt":"2025-07-14T17:47:41","slug":"adidas-yeezy-700-mnvn-geode","status":"publish","type":"product","link":"https:\/\/yeezy.xianzhi.org\/?product=adidas-yeezy-700-mnvn-geode","title":{"rendered":"Adidas Yeezy 700 MNVN Geode"},"content":{"rendered":"<p>Le label de  d\u00e9voile une nouvelle d\u00e9clinaison color\u00e9e de sa  aux inspirations motorsport !\u00a0<\/p>\n<p>La <strong>Adidas Yeezy 700 MNVN Geode<\/strong> pr\u00e9sente une base en <strong>mesh mauve<\/strong> qui s&#8217;\u00e9tale tout le long de l&#8217;empeigne. Des <strong>empi\u00e8cements r\u00e9fl\u00e9chissants<\/strong> tel que le 700 lat\u00e9ral viennent orner le upper. Une semelle noire \u00e0 l&#8217;amorti <strong>BOOST<\/strong> vient terminer le design de Steven Smith.\u00a0<\/p>\n<p>Confortable et styl\u00e9e. la nouvelle <strong>dadshoe<\/strong> saura sublimer vos plus belles tenues !\u00a0\u00a0<\/p>\n<p><strong>SKU<\/strong> :\u00a0<meta charset=\"utf-8\"><span data-mce-fragment=\"1\">GW9526<\/span><br \/><strong>Date de sortie<\/strong> : Avril 2022<br \/><strong>Colorway<\/strong> : GEODE\/GEODE\/GEODE<\/p>\n<p><span data-mce-fragment=\"1\">Avec l&#8217;arriv\u00e9e du printemps.  d\u00e9voile une toute nouvelle . id\u00e9ale pour les escapades estivales ensoleill\u00e9es.<\/span><\/p>\n<p><span data-mce-fragment=\"1\">La <strong>New Balance 9060 Chrome Blue<\/strong> pr\u00e9sente une tige en <strong>mesh<\/strong> <strong>a\u00e9r\u00e9<\/strong> et <strong>su\u00e8de doux<\/strong>. le tout \u00e0 travers des nuances de <strong>bleu clair<\/strong>. cr\u00e9ant une harmonie de textures et de couleurs. Avec son grand &#8220;<strong>N<\/strong>&#8221; lat\u00e9ral caract\u00e9ristique. la silhouette arbore \u00e9galement des inserts de soutien <strong>gris<\/strong> pour un contraste subtil. La semelle volumineuse assure un confort moderne et une bonne adh\u00e9rence.<\/span><\/p>\n<p><span data-mce-fragment=\"1\"><strong>SKU<\/strong>\u00a0: U9060EED<br \/><strong>Date de sortie<\/strong>\u00a0: Avril 2024<\/span><\/p>\n","protected":false},"excerpt":{"rendered":"<p>Le label de d\u00e9voile une nouvelle d\u00e9clinaison color\u00e9e de [&hellip;]<\/p>\n","protected":false},"featured_media":22942,"template":"","meta":[],"product_brand":[],"product_cat":[176,69],"product_tag":[],"class_list":{"0":"post-22938","1":"product","2":"type-product","3":"status-publish","4":"has-post-thumbnail","6":"product_cat-sneakers","7":"product_cat-yeezy-700","9":"first","10":"instock","11":"sale","12":"shipping-taxable","13":"purchasable","14":"product-type-variable"},"_links":{"self":[{"href":"https:\/\/yeezy.xianzhi.org\/index.php?rest_route=\/wp\/v2\/product\/22938","targetHints":{"allow":["GET"]}}],"collection":[{"href":"https:\/\/yeezy.xianzhi.org\/index.php?rest_route=\/wp\/v2\/product"}],"about":[{"href":"https:\/\/yeezy.xianzhi.org\/index.php?rest_route=\/wp\/v2\/types\/product"}],"wp:featuredmedia":[{"embeddable":true,"href":"https:\/\/yeezy.xianzhi.org\/index.php?rest_route=\/wp\/v2\/media\/22942"}],"wp:attachment":[{"href":"https:\/\/yeezy.xianzhi.org\/index.php?rest_route=%2Fwp%2Fv2%2Fmedia&parent=22938"}],"wp:term":[{"taxonomy":"product_brand","embeddable":true,"href":"https:\/\/yeezy.xianzhi.org\/index.php?rest_route=%2Fwp%2Fv2%2Fproduct_brand&post=22938"},{"taxonomy":"product_cat","embeddable":true,"href":"https:\/\/yeezy.xianzhi.org\/index.php?rest_route=%2Fwp%2Fv2%2Fproduct_cat&post=22938"},{"taxonomy":"product_tag","embeddable":true,"href":"https:\/\/yeezy.xianzhi.org\/index.php?rest_route=%2Fwp%2Fv2%2Fproduct_tag&post=22938"}],"curies":[{"name":"wp","href":"https:\/\/api.w.org\/{rel}","templated":true}]}}