{"id":22928,"date":"2025-07-15T01:43:10","date_gmt":"2025-07-14T17:43:10","guid":{"rendered":"https:\/\/yeezy.xianzhi.org\/?post_type=product&#038;p=22928"},"modified":"2025-07-15T01:47:41","modified_gmt":"2025-07-14T17:47:41","slug":"adidas-yeezy-700-utility-black","status":"publish","type":"product","link":"https:\/\/yeezy.xianzhi.org\/?product=adidas-yeezy-700-utility-black","title":{"rendered":"Adidas Yeezy 700 Utility Black"},"content":{"rendered":"<p><strong><\/strong><meta charset=\"utf-8\"><b data-stringify-type=\"bold\" data-mce-fragment=\"1\"><\/b>La Yeezy Boost 700 est l&#8217;une des silhouettes les plus aim\u00e9es du partenariat entre Kanye West et Adidas. Apr\u00e8s le sobre coloris <strong>Vanta<\/strong> de la Yeezy 700 v2. la marque revient sur le mod\u00e8le original avec un pattern tout aussi furtif. D\u00e9j\u00e0 utilis\u00e9 auparavant. la couleur <strong>Utility Black<\/strong> vient habiller cette nouvelle \u00e9dition.<\/p>\n<p>On retrouve son empeigne qui rassemble su\u00e8de. mesh et cuir. Le design chunky de cette <strong>Yeezy 700 Utility Black<\/strong> adopte des tons noirs et gris fonc\u00e9s. Ce coloris d\u00e9j\u00e0 pr\u00e9sent sur la  se veut minimaliste et efficace. L&#8217;aspect monochrome de la paire est cass\u00e9 par une gumsole beige pr\u00e9sente sous la semelle Boost. <\/p>\n<p> Cette nouvelle version de la populaire \u00ab <strong>Dad Shoe<\/strong> \u00bb est en voie de devenir un nouveau classique de la marque gr\u00e2ce \u00e0 son design passe-partout. Un nouveau \u00abmust-have \u00bb pour les n\u00e9ophytes comme les sneakers addicts !<\/p>\n<p><strong>SKU :<\/strong> FV5304<br \/><strong>Date de sortie :<\/strong> Juin 2019<br \/><strong>Colorway :<\/strong> UTILITY BLACK\/UTILITY BLACK<\/p>\n","protected":false},"excerpt":{"rendered":"<p>La Yeezy Boost 700 est l&#8217;une des silhouettes les  [&hellip;]<\/p>\n","protected":false},"featured_media":22929,"template":"","meta":[],"product_brand":[],"product_cat":[176,69],"product_tag":[],"class_list":{"0":"post-22928","1":"product","2":"type-product","3":"status-publish","4":"has-post-thumbnail","6":"product_cat-sneakers","7":"product_cat-yeezy-700","9":"first","10":"instock","11":"sale","12":"shipping-taxable","13":"purchasable","14":"product-type-variable"},"_links":{"self":[{"href":"https:\/\/yeezy.xianzhi.org\/index.php?rest_route=\/wp\/v2\/product\/22928","targetHints":{"allow":["GET"]}}],"collection":[{"href":"https:\/\/yeezy.xianzhi.org\/index.php?rest_route=\/wp\/v2\/product"}],"about":[{"href":"https:\/\/yeezy.xianzhi.org\/index.php?rest_route=\/wp\/v2\/types\/product"}],"wp:featuredmedia":[{"embeddable":true,"href":"https:\/\/yeezy.xianzhi.org\/index.php?rest_route=\/wp\/v2\/media\/22929"}],"wp:attachment":[{"href":"https:\/\/yeezy.xianzhi.org\/index.php?rest_route=%2Fwp%2Fv2%2Fmedia&parent=22928"}],"wp:term":[{"taxonomy":"product_brand","embeddable":true,"href":"https:\/\/yeezy.xianzhi.org\/index.php?rest_route=%2Fwp%2Fv2%2Fproduct_brand&post=22928"},{"taxonomy":"product_cat","embeddable":true,"href":"https:\/\/yeezy.xianzhi.org\/index.php?rest_route=%2Fwp%2Fv2%2Fproduct_cat&post=22928"},{"taxonomy":"product_tag","embeddable":true,"href":"https:\/\/yeezy.xianzhi.org\/index.php?rest_route=%2Fwp%2Fv2%2Fproduct_tag&post=22928"}],"curies":[{"name":"wp","href":"https:\/\/api.w.org\/{rel}","templated":true}]}}