{"id":22742,"date":"2025-07-15T01:40:47","date_gmt":"2025-07-14T17:40:47","guid":{"rendered":"https:\/\/yeezy.xianzhi.org\/?post_type=product&#038;p=22742"},"modified":"2025-07-15T01:47:45","modified_gmt":"2025-07-14T17:47:45","slug":"adidas-yeezy-700-sun","status":"publish","type":"product","link":"https:\/\/yeezy.xianzhi.org\/?product=adidas-yeezy-700-sun","title":{"rendered":"Adidas Yeezy 700 Sun"},"content":{"rendered":"<p><b data-stringify-type=\"bold\" data-mce-fragment=\"1\"><\/b>La silhouette <strong>chunky<\/strong> du duo Kanye West et Adidas fait son retour en ce mois de janvier avec au programme un coloris \u00e9clatant. proche de la version <span style=\"text-decoration: underline;\"><strong>.<\/strong><\/span><\/p>\n<p>La <strong>Adidas Yeezy 700 Sun<\/strong> pr\u00e9sente une empeigne en <strong>mesh<\/strong> agr\u00e9ment\u00e9e de plusieurs empi\u00e8cements en <b>daim<\/b> jaune. On note plusieurs touches de noir sur le quarter panel venant assombrir le design. Une semelle orang\u00e9e dot\u00e9e de la technologie <strong>Boost<\/strong> vient compl\u00e9ter cette it\u00e9ration haute en couleur !<\/p>\n<p>Kanye West confirme le retour en force de la  avec l&#8217;annonce en parall\u00e8le d&#8217;un nouveau coloris <strong>Cream<\/strong>. L&#8217;ann\u00e9e 2021 commence bien pour les fans de  !<\/p>\n<p><strong>SKU<\/strong> : <span class=\"aCOpRe\" data-mce-fragment=\"1\"><span data-mce-fragment=\"1\">GZ6984<\/span><\/span><br \/><strong>Date de sortie<\/strong> : Janvier 2021<br \/><strong>Colorway<\/strong> : SUN\/BLACK\/ORANGE<\/p>\n","protected":false},"excerpt":{"rendered":"<p>La silhouette chunky du duo Kanye West et Adidas fait s [&hellip;]<\/p>\n","protected":false},"featured_media":22745,"template":"","meta":[],"product_brand":[],"product_cat":[176,69],"product_tag":[],"class_list":{"0":"post-22742","1":"product","2":"type-product","3":"status-publish","4":"has-post-thumbnail","6":"product_cat-sneakers","7":"product_cat-yeezy-700","9":"first","10":"instock","11":"sale","12":"shipping-taxable","13":"purchasable","14":"product-type-variable"},"_links":{"self":[{"href":"https:\/\/yeezy.xianzhi.org\/index.php?rest_route=\/wp\/v2\/product\/22742","targetHints":{"allow":["GET"]}}],"collection":[{"href":"https:\/\/yeezy.xianzhi.org\/index.php?rest_route=\/wp\/v2\/product"}],"about":[{"href":"https:\/\/yeezy.xianzhi.org\/index.php?rest_route=\/wp\/v2\/types\/product"}],"wp:featuredmedia":[{"embeddable":true,"href":"https:\/\/yeezy.xianzhi.org\/index.php?rest_route=\/wp\/v2\/media\/22745"}],"wp:attachment":[{"href":"https:\/\/yeezy.xianzhi.org\/index.php?rest_route=%2Fwp%2Fv2%2Fmedia&parent=22742"}],"wp:term":[{"taxonomy":"product_brand","embeddable":true,"href":"https:\/\/yeezy.xianzhi.org\/index.php?rest_route=%2Fwp%2Fv2%2Fproduct_brand&post=22742"},{"taxonomy":"product_cat","embeddable":true,"href":"https:\/\/yeezy.xianzhi.org\/index.php?rest_route=%2Fwp%2Fv2%2Fproduct_cat&post=22742"},{"taxonomy":"product_tag","embeddable":true,"href":"https:\/\/yeezy.xianzhi.org\/index.php?rest_route=%2Fwp%2Fv2%2Fproduct_tag&post=22742"}],"curies":[{"name":"wp","href":"https:\/\/api.w.org\/{rel}","templated":true}]}}