{"id":22716,"date":"2025-07-15T01:37:49","date_gmt":"2025-07-14T17:37:49","guid":{"rendered":"https:\/\/yeezy.xianzhi.org\/?post_type=product&#038;p=22716"},"modified":"2025-07-15T01:38:41","modified_gmt":"2025-07-14T17:38:41","slug":"adidas-yeezy-500-clay-brown","status":"publish","type":"product","link":"https:\/\/yeezy.xianzhi.org\/?product=adidas-yeezy-500-clay-brown","title":{"rendered":"Adidas Yeezy 500 Clay Brown"},"content":{"rendered":"<p><meta charset=\"utf-8\">La <strong>adidas Yeezy 500<\/strong> &#8220;<strong>Clay Brown<\/strong>&#8221; est une \u00e9dition in\u00e9dite pr\u00e9vue pour sortir \u00e0 la saison automne\/hiver 2021.<strong><\/p>\n<p><\/strong>La<strong> Adidas Yeezy 500 Clay Brown<\/strong> <span data-mce-fragment=\"1\">a une base alternant entre diff\u00e9rents mat\u00e9riaux tels que du <\/span><strong data-mce-fragment=\"1\">mesh<\/strong><span data-mce-fragment=\"1\"> et du <\/span><strong data-mce-fragment=\"1\">su\u00e8de<\/strong><span data-mce-fragment=\"1\">. <meta charset=\"utf-8\">Plusieurs teintes de <b>marron<\/b> se m\u00e9langent. mettant en avant les <strong data-mce-fragment=\"1\">reliefs<\/strong> de la silhouette. Le design moderne de cette \u00e9dition dispose d&#8217;une inimitable semelle <strong data-mce-fragment=\"1\">adiPrene<\/strong>.<\/p>\n<p><meta charset=\"utf-8\">On retrouve \u00e0 nouveau l&#8217;architecture &#8220;<strong>dad shoe<\/strong>&#8221; tant pl\u00e9biscit\u00e9e de cette silhouette. pour le plus grand plaisir des sneakers addicts !<\/span><strong><\/p>\n<p>SKU<\/strong> : <meta charset=\"utf-8\"><span data-mce-fragment=\"1\">GX3606<\/span><br \/><strong>Date de sortie<\/strong> : Septembre 2021<br \/><strong>Colorway<\/strong> : CLAY BROWN\/CLAY BROWN\/CLAY BROWN<\/p>\n","protected":false},"excerpt":{"rendered":"<p>La adidas Yeezy 500 &#8220;Clay Brown&#8221; est une \u00e9d [&hellip;]<\/p>\n","protected":false},"featured_media":22718,"template":"","meta":[],"product_brand":[],"product_cat":[176,61],"product_tag":[],"class_list":{"0":"post-22716","1":"product","2":"type-product","3":"status-publish","4":"has-post-thumbnail","6":"product_cat-sneakers","7":"product_cat-yeezy-500","9":"first","10":"instock","11":"sale","12":"shipping-taxable","13":"purchasable","14":"product-type-variable"},"_links":{"self":[{"href":"https:\/\/yeezy.xianzhi.org\/index.php?rest_route=\/wp\/v2\/product\/22716","targetHints":{"allow":["GET"]}}],"collection":[{"href":"https:\/\/yeezy.xianzhi.org\/index.php?rest_route=\/wp\/v2\/product"}],"about":[{"href":"https:\/\/yeezy.xianzhi.org\/index.php?rest_route=\/wp\/v2\/types\/product"}],"wp:featuredmedia":[{"embeddable":true,"href":"https:\/\/yeezy.xianzhi.org\/index.php?rest_route=\/wp\/v2\/media\/22718"}],"wp:attachment":[{"href":"https:\/\/yeezy.xianzhi.org\/index.php?rest_route=%2Fwp%2Fv2%2Fmedia&parent=22716"}],"wp:term":[{"taxonomy":"product_brand","embeddable":true,"href":"https:\/\/yeezy.xianzhi.org\/index.php?rest_route=%2Fwp%2Fv2%2Fproduct_brand&post=22716"},{"taxonomy":"product_cat","embeddable":true,"href":"https:\/\/yeezy.xianzhi.org\/index.php?rest_route=%2Fwp%2Fv2%2Fproduct_cat&post=22716"},{"taxonomy":"product_tag","embeddable":true,"href":"https:\/\/yeezy.xianzhi.org\/index.php?rest_route=%2Fwp%2Fv2%2Fproduct_tag&post=22716"}],"curies":[{"name":"wp","href":"https:\/\/api.w.org\/{rel}","templated":true}]}}