{"id":22705,"date":"2025-07-15T01:37:40","date_gmt":"2025-07-14T17:37:40","guid":{"rendered":"https:\/\/yeezy.xianzhi.org\/?post_type=product&#038;p=22705"},"modified":"2025-07-15T01:38:41","modified_gmt":"2025-07-14T17:38:41","slug":"adidas-yeezy-500-high-sumac","status":"publish","type":"product","link":"https:\/\/yeezy.xianzhi.org\/?product=adidas-yeezy-500-high-sumac","title":{"rendered":"Adidas Yeezy 500 High Sumac"},"content":{"rendered":"<p class=\"p1\"><strong>Kanye West<\/strong> et <strong>adidas<\/strong> ont redonn\u00e9 vie \u00e0 la silhouette  en 2021. en lan\u00e7ant le mod\u00e8le en trois coloris au premier semestre. \u00c0 la suite du plus r\u00e9cent <strong>\u201c\u201d<\/strong>. deux autres coloris rejoindront la gamme tr\u00e8s prochainement : Sumac et .<\/p>\n<p class=\"p1\">La<span> <\/span><strong>Adidas Yeezy 500 High Sumac<\/strong><span> tire son nom des empi\u00e8cements en <strong>cuir<\/strong> rouge vif qui habillent la tige. une nuance de rouge semblable \u00e0 celle des baies de <strong>sumac<\/strong> sauvages. Le reste de la chaussure est principalement disponible en <strong>marron<\/strong>. y compris les panneaux sup\u00e9rieurs en <strong>mesh<\/strong> et la semelle <strong>adiPRENE<\/strong>. Une touche de bleu <strong>indigo<\/strong> est \u00e9galement incorpor\u00e9e dans son design.<\/span><\/p>\n<p class=\"p1\"><meta charset=\"utf-8\"><span>Coloris montagnard. silhouette <\/span><b>montante<\/b><span> et mat\u00e9riaux <\/span><b>premiums.<\/b><span> cette nouvelle \u00e9dition tombe \u00e0 pic pour vos balades <\/span><b>printani\u00e8res. <\/b><\/p>\n<p><meta charset=\"utf-8\"><strong data-mce-fragment=\"1\">SKU<\/strong><span data-mce-fragment=\"1\"> : GW2874<\/span><br data-mce-fragment=\"1\"><strong data-mce-fragment=\"1\">Date de sortie<\/strong><span data-mce-fragment=\"1\"> : Mai 2021<\/span><br data-mce-fragment=\"1\"><strong data-mce-fragment=\"1\">Colorway<\/strong><span data-mce-fragment=\"1\"> : <meta charset=\"utf-8\">SUMAC\/INDIGO\/RED<\/span><\/p>\n","protected":false},"excerpt":{"rendered":"<p>Kanye West et adidas ont redonn\u00e9 vie \u00e0 la silhouette en [&hellip;]<\/p>\n","protected":false},"featured_media":22707,"template":"","meta":[],"product_brand":[],"product_cat":[176,61],"product_tag":[],"class_list":{"0":"post-22705","1":"product","2":"type-product","3":"status-publish","4":"has-post-thumbnail","6":"product_cat-sneakers","7":"product_cat-yeezy-500","9":"first","10":"instock","11":"sale","12":"shipping-taxable","13":"purchasable","14":"product-type-variable"},"_links":{"self":[{"href":"https:\/\/yeezy.xianzhi.org\/index.php?rest_route=\/wp\/v2\/product\/22705","targetHints":{"allow":["GET"]}}],"collection":[{"href":"https:\/\/yeezy.xianzhi.org\/index.php?rest_route=\/wp\/v2\/product"}],"about":[{"href":"https:\/\/yeezy.xianzhi.org\/index.php?rest_route=\/wp\/v2\/types\/product"}],"wp:featuredmedia":[{"embeddable":true,"href":"https:\/\/yeezy.xianzhi.org\/index.php?rest_route=\/wp\/v2\/media\/22707"}],"wp:attachment":[{"href":"https:\/\/yeezy.xianzhi.org\/index.php?rest_route=%2Fwp%2Fv2%2Fmedia&parent=22705"}],"wp:term":[{"taxonomy":"product_brand","embeddable":true,"href":"https:\/\/yeezy.xianzhi.org\/index.php?rest_route=%2Fwp%2Fv2%2Fproduct_brand&post=22705"},{"taxonomy":"product_cat","embeddable":true,"href":"https:\/\/yeezy.xianzhi.org\/index.php?rest_route=%2Fwp%2Fv2%2Fproduct_cat&post=22705"},{"taxonomy":"product_tag","embeddable":true,"href":"https:\/\/yeezy.xianzhi.org\/index.php?rest_route=%2Fwp%2Fv2%2Fproduct_tag&post=22705"}],"curies":[{"name":"wp","href":"https:\/\/api.w.org\/{rel}","templated":true}]}}