{"id":22668,"date":"2025-07-15T01:37:07","date_gmt":"2025-07-14T17:37:07","guid":{"rendered":"https:\/\/yeezy.xianzhi.org\/?post_type=product&#038;p=22668"},"modified":"2025-07-15T01:38:41","modified_gmt":"2025-07-14T17:38:41","slug":"adidas-yeezy-500-high-slate","status":"publish","type":"product","link":"https:\/\/yeezy.xianzhi.org\/?product=adidas-yeezy-500-high-slate","title":{"rendered":"Adidas Yeezy 500 High Slate"},"content":{"rendered":"<p><meta charset=\"utf-8\">Alors que le succ\u00e8s des pr\u00e9c\u00e9dents mod\u00e8les ne s&#8217;essouffle pas. <strong>Adidas<\/strong> et <strong>Kanye West<\/strong> nous surprennent avec un mod\u00e8le in\u00e9dit : une version montante de la Yeezy 500. \u00e0 mi-chemin entre la botte et la sneaker.<\/p>\n<p>La <strong>Yeezy 500 High Slate<\/strong> se pr\u00e9sente en bleu marine et noir et reprend les codes de la dad shoe ainsi que les attributs du mod\u00e8le dont elle est inspir\u00e9e. On retrouve donc sur cette nouvelle cr\u00e9ation. la forme de l&#8217;incontournable . compliment\u00e9e par sa base en suede et sa semelle adiPrene grise qui vient contraster le tout. Seule diff\u00e9rence. d\u00e9j\u00e0 remarqu\u00e9e sur la . les empi\u00e8cement en mesh sont remplac\u00e9s par des empi\u00e8cements en n\u00e9opr\u00e8ne.<\/p>\n<p>Ce nouveau mod\u00e8le plaira sans doute \u00e0 tous les fans de la silhouette de la Yeezy 500. leur offrant une nouvelle possibilit\u00e9 pour les jours d&#8217;hiver. mais aussi \u00e0 un bon nombre de la communaut\u00e9 sneakers.<\/p>\n<p><strong>SKU<\/strong> : FW4968 <br \/><strong>Date de sortie<\/strong> : TBD <br \/><strong>Colorway<\/strong> : SLATE\/SLATE\/SLATE<\/p>\n","protected":false},"excerpt":{"rendered":"<p>Alors que le succ\u00e8s des pr\u00e9c\u00e9dents mod\u00e8les ne s&#8217;e [&hellip;]<\/p>\n","protected":false},"featured_media":22670,"template":"","meta":[],"product_brand":[],"product_cat":[176,61],"product_tag":[],"class_list":{"0":"post-22668","1":"product","2":"type-product","3":"status-publish","4":"has-post-thumbnail","6":"product_cat-sneakers","7":"product_cat-yeezy-500","9":"first","10":"instock","11":"sale","12":"shipping-taxable","13":"purchasable","14":"product-type-variable"},"_links":{"self":[{"href":"https:\/\/yeezy.xianzhi.org\/index.php?rest_route=\/wp\/v2\/product\/22668","targetHints":{"allow":["GET"]}}],"collection":[{"href":"https:\/\/yeezy.xianzhi.org\/index.php?rest_route=\/wp\/v2\/product"}],"about":[{"href":"https:\/\/yeezy.xianzhi.org\/index.php?rest_route=\/wp\/v2\/types\/product"}],"wp:featuredmedia":[{"embeddable":true,"href":"https:\/\/yeezy.xianzhi.org\/index.php?rest_route=\/wp\/v2\/media\/22670"}],"wp:attachment":[{"href":"https:\/\/yeezy.xianzhi.org\/index.php?rest_route=%2Fwp%2Fv2%2Fmedia&parent=22668"}],"wp:term":[{"taxonomy":"product_brand","embeddable":true,"href":"https:\/\/yeezy.xianzhi.org\/index.php?rest_route=%2Fwp%2Fv2%2Fproduct_brand&post=22668"},{"taxonomy":"product_cat","embeddable":true,"href":"https:\/\/yeezy.xianzhi.org\/index.php?rest_route=%2Fwp%2Fv2%2Fproduct_cat&post=22668"},{"taxonomy":"product_tag","embeddable":true,"href":"https:\/\/yeezy.xianzhi.org\/index.php?rest_route=%2Fwp%2Fv2%2Fproduct_tag&post=22668"}],"curies":[{"name":"wp","href":"https:\/\/api.w.org\/{rel}","templated":true}]}}