{"id":22614,"date":"2025-07-15T01:36:18","date_gmt":"2025-07-14T17:36:18","guid":{"rendered":"https:\/\/yeezy.xianzhi.org\/?post_type=product&#038;p=22614"},"modified":"2025-07-15T01:38:43","modified_gmt":"2025-07-14T17:38:43","slug":"adidas-yeezy-500-granite","status":"publish","type":"product","link":"https:\/\/yeezy.xianzhi.org\/?product=adidas-yeezy-500-granite","title":{"rendered":"Adidas Yeezy 500 Granite"},"content":{"rendered":"<p>Les \u00e9quipes cr\u00e9atives de<span>\u00a0<\/span><span style=\"text-decoration: underline;\"><\/span><span>\u00a0<\/span>nous d\u00e9voilent une nouvelle it\u00e9ration de leur silhouette avant-gardiste. qui n&#8217;est pas sans rappeler l&#8217;\u00e9dition<span>\u00a0<\/span><span style=\"text-decoration: underline;\"><\/span><span>\u00a0<\/span>!\u00a0<\/p>\n<p>La<span>\u00a0<\/span><strong>Adidas Yeezy 500 Granite<\/strong>\u00a0pr\u00e9sente une structure mixte en<span>\u00a0<\/span><strong>mesh gris anthracite<\/strong><span>\u00a0<\/span>et en<span>\u00a0<\/span><strong>daim gris clair<\/strong>. Tout l&#8217;exosquelette en cuir est recouvert de finitions r\u00e9fl\u00e9chissantes. Une semelle en gomme dot\u00e9e de la technologie<span>\u00a0<\/span><strong>adiPRENE<\/strong><span>\u00a0<\/span>finalise le design futuriste sign\u00e9<span>\u00a0<\/span><strong>Kanye West<\/strong><strong>?<\/strong>?<\/p>\n<p>Confortable et versatile. cette<span>\u00a0<\/span><span style=\"text-decoration: underline;\"><\/span><span>\u00a0<\/span>in\u00e9dite saura \u00e9toffer vos tenues peut importe la saison !\u00a0<\/p>\n<p><strong>SKU<\/strong> :\u00a0<meta charset=\"utf-8\"><span data-mce-fragment=\"1\">GW6373<\/span><br \/><strong>Date de sortie<\/strong> : Mai 2022<br \/><strong>Colorway<\/strong> :\u00a0<meta charset=\"utf-8\"><span data-mce-fragment=\"1\">GRANITE\/GRANITE\/GRANITE<\/span><\/p>\n","protected":false},"excerpt":{"rendered":"<p>Les \u00e9quipes cr\u00e9atives de\u00a0\u00a0nous d\u00e9voilent une nouvelle i [&hellip;]<\/p>\n","protected":false},"featured_media":22620,"template":"","meta":[],"product_brand":[],"product_cat":[176,61],"product_tag":[],"class_list":{"0":"post-22614","1":"product","2":"type-product","3":"status-publish","4":"has-post-thumbnail","6":"product_cat-sneakers","7":"product_cat-yeezy-500","9":"first","10":"instock","11":"sale","12":"shipping-taxable","13":"purchasable","14":"product-type-variable"},"_links":{"self":[{"href":"https:\/\/yeezy.xianzhi.org\/index.php?rest_route=\/wp\/v2\/product\/22614","targetHints":{"allow":["GET"]}}],"collection":[{"href":"https:\/\/yeezy.xianzhi.org\/index.php?rest_route=\/wp\/v2\/product"}],"about":[{"href":"https:\/\/yeezy.xianzhi.org\/index.php?rest_route=\/wp\/v2\/types\/product"}],"wp:featuredmedia":[{"embeddable":true,"href":"https:\/\/yeezy.xianzhi.org\/index.php?rest_route=\/wp\/v2\/media\/22620"}],"wp:attachment":[{"href":"https:\/\/yeezy.xianzhi.org\/index.php?rest_route=%2Fwp%2Fv2%2Fmedia&parent=22614"}],"wp:term":[{"taxonomy":"product_brand","embeddable":true,"href":"https:\/\/yeezy.xianzhi.org\/index.php?rest_route=%2Fwp%2Fv2%2Fproduct_brand&post=22614"},{"taxonomy":"product_cat","embeddable":true,"href":"https:\/\/yeezy.xianzhi.org\/index.php?rest_route=%2Fwp%2Fv2%2Fproduct_cat&post=22614"},{"taxonomy":"product_tag","embeddable":true,"href":"https:\/\/yeezy.xianzhi.org\/index.php?rest_route=%2Fwp%2Fv2%2Fproduct_tag&post=22614"}],"curies":[{"name":"wp","href":"https:\/\/api.w.org\/{rel}","templated":true}]}}