{"id":22585,"date":"2025-07-15T01:33:48","date_gmt":"2025-07-14T17:33:48","guid":{"rendered":"https:\/\/yeezy.xianzhi.org\/?post_type=product&#038;p=22585"},"modified":"2025-07-15T01:35:50","modified_gmt":"2025-07-14T17:35:50","slug":"adidas-yeezy-350-v2-steel-grey-2","status":"publish","type":"product","link":"https:\/\/yeezy.xianzhi.org\/?product=adidas-yeezy-350-v2-steel-grey-2","title":{"rendered":"Adidas Yeezy 350 V2 Steel Grey"},"content":{"rendered":"<p>Pour la premi\u00e8re fois depuis le d\u00e9part de <strong>Kanye West<\/strong>. . remet  sur le devant de la sc\u00e8ne. Alors que les design lui appartiennent. la marque allemande d\u00e9voile une d\u00e9clinaison in\u00e9dite de la 350 V2.<\/p>\n<p>La <strong>Adidas Yeezy 350 V2 Steel Grey <\/strong>se pare d&#8217;une base en <strong>primeknit gris<\/strong> sur laquelle une <strong>bande semi-translucide<\/strong> teint\u00e9e d&#8217;un <strong>gris plus fonc\u00e9<\/strong> vient se joindre. Une semelle dot\u00e9e de la technologie <strong>boost<\/strong> vient compl\u00e9ter cette pi\u00e8ce tandis que l&#8217;inscription Yeezy sur l&#8217;insole ne sera pas pr\u00e9sente contrairement aux mod\u00e8les pr\u00e9c\u00e9dents.<\/p>\n<p><strong>SKU<\/strong><span>\u00a0<\/span>: IF3219<br \/><strong>Date de sortie<\/strong><span>\u00a0<\/span>: F\u00e9vrier 2024<\/p>\n","protected":false},"excerpt":{"rendered":"<p>Pour la premi\u00e8re fois depuis le d\u00e9part de Kanye West. . [&hellip;]<\/p>\n","protected":false},"featured_media":22208,"template":"","meta":[],"product_brand":[],"product_cat":[176,72],"product_tag":[],"class_list":{"0":"post-22585","1":"product","2":"type-product","3":"status-publish","4":"has-post-thumbnail","6":"product_cat-sneakers","7":"product_cat-yeezy-450","9":"first","10":"instock","11":"sale","12":"shipping-taxable","13":"purchasable","14":"product-type-variable"},"_links":{"self":[{"href":"https:\/\/yeezy.xianzhi.org\/index.php?rest_route=\/wp\/v2\/product\/22585","targetHints":{"allow":["GET"]}}],"collection":[{"href":"https:\/\/yeezy.xianzhi.org\/index.php?rest_route=\/wp\/v2\/product"}],"about":[{"href":"https:\/\/yeezy.xianzhi.org\/index.php?rest_route=\/wp\/v2\/types\/product"}],"wp:featuredmedia":[{"embeddable":true,"href":"https:\/\/yeezy.xianzhi.org\/index.php?rest_route=\/wp\/v2\/media\/22208"}],"wp:attachment":[{"href":"https:\/\/yeezy.xianzhi.org\/index.php?rest_route=%2Fwp%2Fv2%2Fmedia&parent=22585"}],"wp:term":[{"taxonomy":"product_brand","embeddable":true,"href":"https:\/\/yeezy.xianzhi.org\/index.php?rest_route=%2Fwp%2Fv2%2Fproduct_brand&post=22585"},{"taxonomy":"product_cat","embeddable":true,"href":"https:\/\/yeezy.xianzhi.org\/index.php?rest_route=%2Fwp%2Fv2%2Fproduct_cat&post=22585"},{"taxonomy":"product_tag","embeddable":true,"href":"https:\/\/yeezy.xianzhi.org\/index.php?rest_route=%2Fwp%2Fv2%2Fproduct_tag&post=22585"}],"curies":[{"name":"wp","href":"https:\/\/api.w.org\/{rel}","templated":true}]}}