{"id":22558,"date":"2025-07-15T00:57:14","date_gmt":"2025-07-14T16:57:14","guid":{"rendered":"https:\/\/yeezy.xianzhi.org\/?post_type=product&#038;p=22558"},"modified":"2025-07-15T01:32:27","modified_gmt":"2025-07-14T17:32:27","slug":"yeezy-boost-350-v2-core-black-white-oreo","status":"publish","type":"product","link":"https:\/\/yeezy.xianzhi.org\/?product=yeezy-boost-350-v2-core-black-white-oreo","title":{"rendered":"Yeezy Boost 350 V2 Core Black White (Oreo)"},"content":{"rendered":"<div>\n<p>La marque aux trois bandes et le label de<span>\u00a0<\/span><span>\u00a0<\/span>reviennent aux bases avec cette r\u00e9\u00e9dition surprise du mod\u00e8le embl\u00e9matique de 2016.\u00a0<\/p>\n<p>La<span>\u00a0<\/span><strong>Adidas Yeezy Boost 350 V2 Core Black White (Oreo)<\/strong><span>\u00a0<\/span>se pare d&#8217;une structure en<span>\u00a0<\/span><strong>Primeknit noir<\/strong><span>\u00a0<\/span>aux d\u00e9tails tachet\u00e9s. Une<span>\u00a0<\/span><strong>bande blanche<\/strong><span>\u00a0<\/span>\u00e0 l&#8217;inscription<span>\u00a0<\/span><strong>SPLY-350<\/strong><span>\u00a0<\/span>vient traverser les panels ext\u00e9rieurs. Tout l&#8217;ensemble repose sur une semelle<span>\u00a0<\/span><strong>BOOST<\/strong><span>\u00a0<\/span>translucide qui vient finaliser le design monochrome.\u00a0<span data-mce-fragment=\"1\"><br \/><strong><\/strong><\/span><\/p>\n<p><span data-mce-fragment=\"1\"><strong>Date de sortie<\/strong>\u00a0: D\u00e9cembre 2016\/ Mars 2022<br \/><strong>Colorway<\/strong>\u00a0:\u00a0CORE BLACK\/CORE WHITE\/CORE BLACK<\/span><\/p>\n<\/div>\n<p><span><\/span><span><\/span><\/p>\n","protected":false},"excerpt":{"rendered":"<p>La marque aux trois bandes et le label de\u00a0\u00a0reviennent a [&hellip;]<\/p>\n","protected":false},"featured_media":22560,"template":"","meta":[],"product_brand":[],"product_cat":[176,43],"product_tag":[],"class_list":{"0":"post-22558","1":"product","2":"type-product","3":"status-publish","4":"has-post-thumbnail","6":"product_cat-sneakers","7":"product_cat-yeezy-350-v2","9":"first","10":"instock","11":"sale","12":"shipping-taxable","13":"purchasable","14":"product-type-variable"},"_links":{"self":[{"href":"https:\/\/yeezy.xianzhi.org\/index.php?rest_route=\/wp\/v2\/product\/22558","targetHints":{"allow":["GET"]}}],"collection":[{"href":"https:\/\/yeezy.xianzhi.org\/index.php?rest_route=\/wp\/v2\/product"}],"about":[{"href":"https:\/\/yeezy.xianzhi.org\/index.php?rest_route=\/wp\/v2\/types\/product"}],"wp:featuredmedia":[{"embeddable":true,"href":"https:\/\/yeezy.xianzhi.org\/index.php?rest_route=\/wp\/v2\/media\/22560"}],"wp:attachment":[{"href":"https:\/\/yeezy.xianzhi.org\/index.php?rest_route=%2Fwp%2Fv2%2Fmedia&parent=22558"}],"wp:term":[{"taxonomy":"product_brand","embeddable":true,"href":"https:\/\/yeezy.xianzhi.org\/index.php?rest_route=%2Fwp%2Fv2%2Fproduct_brand&post=22558"},{"taxonomy":"product_cat","embeddable":true,"href":"https:\/\/yeezy.xianzhi.org\/index.php?rest_route=%2Fwp%2Fv2%2Fproduct_cat&post=22558"},{"taxonomy":"product_tag","embeddable":true,"href":"https:\/\/yeezy.xianzhi.org\/index.php?rest_route=%2Fwp%2Fv2%2Fproduct_tag&post=22558"}],"curies":[{"name":"wp","href":"https:\/\/api.w.org\/{rel}","templated":true}]}}