{"id":22517,"date":"2025-07-15T00:56:38","date_gmt":"2025-07-14T16:56:38","guid":{"rendered":"https:\/\/yeezy.xianzhi.org\/?post_type=product&#038;p=22517"},"modified":"2025-07-15T01:32:28","modified_gmt":"2025-07-14T17:32:28","slug":"adidas-yeezy-350-v2-beluga-reflective","status":"publish","type":"product","link":"https:\/\/yeezy.xianzhi.org\/?product=adidas-yeezy-350-v2-beluga-reflective","title":{"rendered":"Adidas Yeezy 350 V2 Beluga Reflective"},"content":{"rendered":"<p>Pour les 5 ans de la . <strong>Adidas<\/strong> et Kanye West voient les choses en grand et r\u00e9\u00e9ditent le premier coloris <strong>OG<\/strong> de la silhouette dans une version r\u00e9flective.<\/p>\n<p>La <strong>Adidas Yeezy 350 V2 Beluga Reflective<\/strong> affiche l&#8217;habituelle empeigne en <strong>Primeknit<\/strong> et se pare d&#8217;une couleur oscillant entre le gris et le marron. On aper\u00e7oit une stripe orange avec l&#8217;inscription <strong>SPLY 350<\/strong>. venant former un l\u00e9ger contraste avec l&#8217;ensemble. Une semelle \u00e9quip\u00e9e de la technologie <strong>Boost<\/strong> peaufine le tout.<\/p>\n<p>Une d\u00e9clinaison historique de plus pour la marque aux trois bandes !<\/p>\n<p><strong>SKU<\/strong> : GW1229 <br \/><strong>Date de sortie<\/strong> : D\u00e9cembre 2021<br \/><strong>Colorway<\/strong> : BELUGA\/BELUGA\/BELUGA<\/p>\n","protected":false},"excerpt":{"rendered":"<p>Pour les 5 ans de la . Adidas et Kanye West voient les  [&hellip;]<\/p>\n","protected":false},"featured_media":22519,"template":"","meta":[],"product_brand":[],"product_cat":[176,43],"product_tag":[],"class_list":{"0":"post-22517","1":"product","2":"type-product","3":"status-publish","4":"has-post-thumbnail","6":"product_cat-sneakers","7":"product_cat-yeezy-350-v2","9":"first","10":"instock","11":"sale","12":"shipping-taxable","13":"purchasable","14":"product-type-variable"},"_links":{"self":[{"href":"https:\/\/yeezy.xianzhi.org\/index.php?rest_route=\/wp\/v2\/product\/22517","targetHints":{"allow":["GET"]}}],"collection":[{"href":"https:\/\/yeezy.xianzhi.org\/index.php?rest_route=\/wp\/v2\/product"}],"about":[{"href":"https:\/\/yeezy.xianzhi.org\/index.php?rest_route=\/wp\/v2\/types\/product"}],"wp:featuredmedia":[{"embeddable":true,"href":"https:\/\/yeezy.xianzhi.org\/index.php?rest_route=\/wp\/v2\/media\/22519"}],"wp:attachment":[{"href":"https:\/\/yeezy.xianzhi.org\/index.php?rest_route=%2Fwp%2Fv2%2Fmedia&parent=22517"}],"wp:term":[{"taxonomy":"product_brand","embeddable":true,"href":"https:\/\/yeezy.xianzhi.org\/index.php?rest_route=%2Fwp%2Fv2%2Fproduct_brand&post=22517"},{"taxonomy":"product_cat","embeddable":true,"href":"https:\/\/yeezy.xianzhi.org\/index.php?rest_route=%2Fwp%2Fv2%2Fproduct_cat&post=22517"},{"taxonomy":"product_tag","embeddable":true,"href":"https:\/\/yeezy.xianzhi.org\/index.php?rest_route=%2Fwp%2Fv2%2Fproduct_tag&post=22517"}],"curies":[{"name":"wp","href":"https:\/\/api.w.org\/{rel}","templated":true}]}}