{"id":22463,"date":"2025-07-15T00:55:49","date_gmt":"2025-07-14T16:55:49","guid":{"rendered":"https:\/\/yeezy.xianzhi.org\/?product=adidas-yeezy-boost-350-v2-clay"},"modified":"2025-07-15T01:32:29","modified_gmt":"2025-07-14T17:32:29","slug":"adidas-yeezy-boost-350-v2-clay","status":"publish","type":"product","link":"https:\/\/yeezy.xianzhi.org\/?product=adidas-yeezy-boost-350-v2-clay","title":{"rendered":"Adidas Yeezy Boost 350 V2 Clay"},"content":{"rendered":"<p><strong><\/strong><meta charset=\"utf-8\"><b data-stringify-type=\"bold\" data-mce-fragment=\"1\"><\/b>La Yeezy 350 V2 issue du partenariat entre Kanye West et Adidas. revient pour 3 nouveaux coloris ! Cette nouvelle release sera quelque peu sp\u00e9ciale puisque chaque variante sortira dans une zone g\u00e9ographique propre. La <span style=\"text-decoration: underline;\"><\/span> en Asie. la<strong> <span style=\"text-decoration: underline;\"><\/span><\/strong> en Europe et en Afrique. et enfin la version Clay en Am\u00e9rique.<\/p>\n<p>La <strong>Yeezy 350 V2 Clay<\/strong> est compos\u00e9e d&#8217;un upper en toile Primeknit. Elle s&#8217;habille de tonalit\u00e9s pastels rappelant la couleur de l&#8217;argile. On retrouve la bande transparente similaire \u00e0 celle d\u00e9j\u00e0 pr\u00e9sente sur le mod\u00e8le de la . La bande lat\u00e9rale. le pull tab et la semelle Boost se composent de couleurs orang\u00e9es\/ros\u00e9es l\u00e9g\u00e8rement r\u00e9fl\u00e9chissantes.<\/p>\n<p>Ces trois nouveaux coloris viennent grossir les rangs de la silhouette la plus populaire de toute la collection Yeezy.<\/p>\n<p><strong>SKU :<\/strong> EG7490<br \/><strong>Date de sortie :<\/strong> Mars 2019<br \/><strong>Colorway :<\/strong> <span>CLAY\/CLAY\/CLAY<\/span><\/p>\n","protected":false},"excerpt":{"rendered":"<p>La Yeezy 350 V2 issue du partenariat entre Kanye West e [&hellip;]<\/p>\n","protected":false},"featured_media":22462,"template":"","meta":[],"product_brand":[],"product_cat":[176,43],"product_tag":[],"class_list":{"0":"post-22463","1":"product","2":"type-product","3":"status-publish","4":"has-post-thumbnail","6":"product_cat-sneakers","7":"product_cat-yeezy-350-v2","9":"first","10":"instock","11":"sale","12":"shipping-taxable","13":"purchasable","14":"product-type-variable"},"_links":{"self":[{"href":"https:\/\/yeezy.xianzhi.org\/index.php?rest_route=\/wp\/v2\/product\/22463","targetHints":{"allow":["GET"]}}],"collection":[{"href":"https:\/\/yeezy.xianzhi.org\/index.php?rest_route=\/wp\/v2\/product"}],"about":[{"href":"https:\/\/yeezy.xianzhi.org\/index.php?rest_route=\/wp\/v2\/types\/product"}],"wp:featuredmedia":[{"embeddable":true,"href":"https:\/\/yeezy.xianzhi.org\/index.php?rest_route=\/wp\/v2\/media\/22462"}],"wp:attachment":[{"href":"https:\/\/yeezy.xianzhi.org\/index.php?rest_route=%2Fwp%2Fv2%2Fmedia&parent=22463"}],"wp:term":[{"taxonomy":"product_brand","embeddable":true,"href":"https:\/\/yeezy.xianzhi.org\/index.php?rest_route=%2Fwp%2Fv2%2Fproduct_brand&post=22463"},{"taxonomy":"product_cat","embeddable":true,"href":"https:\/\/yeezy.xianzhi.org\/index.php?rest_route=%2Fwp%2Fv2%2Fproduct_cat&post=22463"},{"taxonomy":"product_tag","embeddable":true,"href":"https:\/\/yeezy.xianzhi.org\/index.php?rest_route=%2Fwp%2Fv2%2Fproduct_tag&post=22463"}],"curies":[{"name":"wp","href":"https:\/\/api.w.org\/{rel}","templated":true}]}}