{"id":22438,"date":"2025-07-15T00:55:27","date_gmt":"2025-07-14T16:55:27","guid":{"rendered":"https:\/\/yeezy.xianzhi.org\/?post_type=product&#038;p=22438"},"modified":"2025-07-15T01:32:30","modified_gmt":"2025-07-14T17:32:30","slug":"adidas-yeezy-boost-350-v2-true-form","status":"publish","type":"product","link":"https:\/\/yeezy.xianzhi.org\/?product=adidas-yeezy-boost-350-v2-true-form","title":{"rendered":"Adidas Yeezy Boost 350 V2 True Form"},"content":{"rendered":"<p><strong><\/strong><meta charset=\"utf-8\"><b data-stringify-type=\"bold\" data-mce-fragment=\"1\"><\/b>La <strong>Yeezy Boost 350 V2<\/strong> est le mod\u00e8le phare de la marque Yeezy. cr\u00e9\u00e9 par Kanye West et Adidas. Cette silhouette pl\u00e9biscit\u00e9e des amateurs de sneakers revient pour 3 nouvelles \u00e9ditions ! Chaque coloris sortira dans une zone g\u00e9ographique propre. La <span style=\"font-family: 'Helvetica'.sans-serif;\">Hyperspace<\/span> en Asie. la Clay en Am\u00e9rique et enfin la <span style=\"font-family: 'Helvetica'.sans-serif;\">True Form<\/span> en Europe et en Afrique.<\/p>\n<p style=\"font-variant-ligatures: normal; font-variant-caps: normal; orphans: 2; widows: 2; -webkit-text-stroke-width: 0px; text-decoration-style: initial; text-decoration-color: initial; word-spacing: 0px; margin: 0cm 0cm 12.0pt 0cm;\"><span style=\"font-size: 11.5pt; font-family: 'Helvetica'.sans-serif; color: black;\">La <strong><span style=\"font-family: 'Helvetica'.sans-serif;\">Yeezy 350 V2 True Form<\/span><\/strong> s&#8217;habille d&#8217;une empeigne en toile Primeknit couleur grise. proche du coloris Beluga d\u00e9j\u00e0 sorti auparavant. On retrouve sur l&#8217;ext\u00e9rieur du mod\u00e8le une bande transparente similaire \u00e0 celle qui avait fait le succ\u00e8s de la <span style=\"font-family: 'Helvetica'.sans-serif;\">Yeezy 350 V2 Static<\/span>. Enfin des d\u00e9tails orang\u00e9s viennent colorer la bande lat\u00e9rale. le pull tab arri\u00e8re ainsi que la sole int\u00e9rieure.<\/span><\/p>\n<p style=\"font-variant-ligatures: normal; font-variant-caps: normal; orphans: 2; widows: 2; -webkit-text-stroke-width: 0px; text-decoration-style: initial; text-decoration-color: initial; word-spacing: 0px; margin: 0cm 0cm 12.0pt 0cm;\"><span style=\"font-size: 11.5pt; font-family: 'Helvetica'.sans-serif; color: black;\">Ces nouveaux coloris viennent grossir les rangs de la collection la plus pl\u00e9biscit\u00e9e du cr\u00e9ateur ! <\/span><\/p>\n<p><strong>SKU<\/strong> : EG7492<br \/> <strong>Date de sortie<\/strong> : Mars 2019<br \/> <strong>Colorway<\/strong> : TRUEFORM<\/p>\n","protected":false},"excerpt":{"rendered":"<p>La Yeezy Boost 350 V2 est le mod\u00e8le phare de la marque  [&hellip;]<\/p>\n","protected":false},"featured_media":22453,"template":"","meta":[],"product_brand":[],"product_cat":[176,43],"product_tag":[],"class_list":{"0":"post-22438","1":"product","2":"type-product","3":"status-publish","4":"has-post-thumbnail","6":"product_cat-sneakers","7":"product_cat-yeezy-350-v2","9":"first","10":"instock","11":"sale","12":"shipping-taxable","13":"purchasable","14":"product-type-variable"},"_links":{"self":[{"href":"https:\/\/yeezy.xianzhi.org\/index.php?rest_route=\/wp\/v2\/product\/22438","targetHints":{"allow":["GET"]}}],"collection":[{"href":"https:\/\/yeezy.xianzhi.org\/index.php?rest_route=\/wp\/v2\/product"}],"about":[{"href":"https:\/\/yeezy.xianzhi.org\/index.php?rest_route=\/wp\/v2\/types\/product"}],"wp:featuredmedia":[{"embeddable":true,"href":"https:\/\/yeezy.xianzhi.org\/index.php?rest_route=\/wp\/v2\/media\/22453"}],"wp:attachment":[{"href":"https:\/\/yeezy.xianzhi.org\/index.php?rest_route=%2Fwp%2Fv2%2Fmedia&parent=22438"}],"wp:term":[{"taxonomy":"product_brand","embeddable":true,"href":"https:\/\/yeezy.xianzhi.org\/index.php?rest_route=%2Fwp%2Fv2%2Fproduct_brand&post=22438"},{"taxonomy":"product_cat","embeddable":true,"href":"https:\/\/yeezy.xianzhi.org\/index.php?rest_route=%2Fwp%2Fv2%2Fproduct_cat&post=22438"},{"taxonomy":"product_tag","embeddable":true,"href":"https:\/\/yeezy.xianzhi.org\/index.php?rest_route=%2Fwp%2Fv2%2Fproduct_tag&post=22438"}],"curies":[{"name":"wp","href":"https:\/\/api.w.org\/{rel}","templated":true}]}}