{"id":22435,"date":"2025-07-15T00:55:27","date_gmt":"2025-07-14T16:55:27","guid":{"rendered":"https:\/\/yeezy.xianzhi.org\/?post_type=product&#038;p=22435"},"modified":"2025-07-15T01:32:30","modified_gmt":"2025-07-14T17:32:30","slug":"adidas-yeezy-boost-350-v2-yeshaya-reflective","status":"publish","type":"product","link":"https:\/\/yeezy.xianzhi.org\/?product=adidas-yeezy-boost-350-v2-yeshaya-reflective","title":{"rendered":"Adidas Yeezy Boost 350 V2 Yeshaya Reflective"},"content":{"rendered":"<p><strong><\/strong>La a r\u00e9cemment connu la sortie de plusieurs colorways dont Yeezreel. Yeshaya et Yecheil. et Adidas et Mr. West reviennent avec une version reflective de la <strong>Yeshaya<\/strong>.<\/p>\n<p>Comme sa version <strong><\/strong>. la <strong>Yeezy 350 V2 Yeshaya Reflective<\/strong> poss\u00e8de un design plut\u00f4t sobre. avec une empeigne en <strong>PrimeKnit<\/strong> comprenant des m\u00e9langes de gris et de blanc. Concernant la semelle Boost semi-translucide de la paire. elle est dot\u00e9e de la technologie <strong>Glow in Dark<\/strong>. Les lacets gris clair et blancs reprennent le ton g\u00e9n\u00e9ral de la paire. et la bande lat\u00e9rale semi-translucide vient compl\u00e9ter le tout. Cette version reflective. tout comme ses deux comp\u00e8res. est r\u00e9flechissante et brille dans le noir.<\/p>\n<p>Ce mod\u00e8le r\u00e9fl\u00e9chissant bien particulier s&#8217;ancre d\u00e9finitivement dans la lanc\u00e9e des premi\u00e8res Yeezy 350 V2 Reflective. et devrait convenir parfaitement autant aux amateurs qu&#8217;aux passionn\u00e9s\u2026<\/p>\n<p><strong>SKU<\/strong> : FX4349 <br \/><strong>Date de sortie<\/strong> : Janvier 2020 <br \/><strong>Colorway<\/strong> : YESHAYA<\/p>\n","protected":false},"excerpt":{"rendered":"<p>La a r\u00e9cemment connu la sortie de plusieurs colorways d [&hellip;]<\/p>\n","protected":false},"featured_media":22444,"template":"","meta":[],"product_brand":[],"product_cat":[176,43],"product_tag":[],"class_list":{"0":"post-22435","1":"product","2":"type-product","3":"status-publish","4":"has-post-thumbnail","6":"product_cat-sneakers","7":"product_cat-yeezy-350-v2","9":"first","10":"instock","11":"sale","12":"shipping-taxable","13":"purchasable","14":"product-type-variable"},"_links":{"self":[{"href":"https:\/\/yeezy.xianzhi.org\/index.php?rest_route=\/wp\/v2\/product\/22435","targetHints":{"allow":["GET"]}}],"collection":[{"href":"https:\/\/yeezy.xianzhi.org\/index.php?rest_route=\/wp\/v2\/product"}],"about":[{"href":"https:\/\/yeezy.xianzhi.org\/index.php?rest_route=\/wp\/v2\/types\/product"}],"wp:featuredmedia":[{"embeddable":true,"href":"https:\/\/yeezy.xianzhi.org\/index.php?rest_route=\/wp\/v2\/media\/22444"}],"wp:attachment":[{"href":"https:\/\/yeezy.xianzhi.org\/index.php?rest_route=%2Fwp%2Fv2%2Fmedia&parent=22435"}],"wp:term":[{"taxonomy":"product_brand","embeddable":true,"href":"https:\/\/yeezy.xianzhi.org\/index.php?rest_route=%2Fwp%2Fv2%2Fproduct_brand&post=22435"},{"taxonomy":"product_cat","embeddable":true,"href":"https:\/\/yeezy.xianzhi.org\/index.php?rest_route=%2Fwp%2Fv2%2Fproduct_cat&post=22435"},{"taxonomy":"product_tag","embeddable":true,"href":"https:\/\/yeezy.xianzhi.org\/index.php?rest_route=%2Fwp%2Fv2%2Fproduct_tag&post=22435"}],"curies":[{"name":"wp","href":"https:\/\/api.w.org\/{rel}","templated":true}]}}