{"id":22434,"date":"2025-07-15T00:55:27","date_gmt":"2025-07-14T16:55:27","guid":{"rendered":"https:\/\/yeezy.xianzhi.org\/?post_type=product&#038;p=22434"},"modified":"2025-07-15T01:32:30","modified_gmt":"2025-07-14T17:32:30","slug":"adidas-yeezy-boost-350-v2-fade","status":"publish","type":"product","link":"https:\/\/yeezy.xianzhi.org\/?product=adidas-yeezy-boost-350-v2-fade","title":{"rendered":"Adidas Yeezy Boost 350 V2 Fade"},"content":{"rendered":"<p><strong><\/strong><meta charset=\"utf-8\"><b data-stringify-type=\"bold\" data-mce-fragment=\"1\"><\/b><span>Introduite dans un premier temps avec le nom &#8220;<strong>Yecher<\/strong>&#8221; d\u00e9riv\u00e9 de l&#8217;appellation biblique <strong>Yezer<\/strong>. cette nouvelle  au coloris automnal f\u00fbt renomm\u00e9e &#8220;<strong>Fade<\/strong>&#8221; \u00e0 la demande de <strong>Kanye West<\/strong>.<br \/><\/span><\/p>\n<p><span>La <strong>Adidas Yeezy Boost 350 V2 Fade<\/strong> est compos\u00e9e d&#8217;une tige en maille <strong>PrimeKnit<\/strong> laissant para\u00eetre des accents de gris et beige. Fid\u00e8le \u00e0 la silhouette.  nous propose cette fois une bande horizontale bleue qui s&#8217;inscrit parfaitement dans la tonalit\u00e9 de couleur du mod\u00e8le. L&#8217;ensemble est sublim\u00e9e par des lacets bruns assorties \u00e0 la semelle semi-translucide.<\/span><\/p>\n<p><meta charset=\"utf-8\"><span>Avec sa palette de couleurs brunes. cette \u00e9dition se pr\u00e9sente comme le mod\u00e8le id\u00e9al \u00e0 inclure dans sa rotation automnale !<\/span><\/p>\n<p><strong>SKU<\/strong> : H02795<br \/><strong>Date de sortie<\/strong> : Novembre 2020<br \/><strong>Colorway<\/strong> : <span data-mce-fragment=\"1\">FADE\/FADE\/FADE<\/span><\/p>\n","protected":false},"excerpt":{"rendered":"<p>Introduite dans un premier temps avec le nom &#8220;Yec [&hellip;]<\/p>\n","protected":false},"featured_media":22439,"template":"","meta":[],"product_brand":[],"product_cat":[176,43],"product_tag":[],"class_list":{"0":"post-22434","1":"product","2":"type-product","3":"status-publish","4":"has-post-thumbnail","6":"product_cat-sneakers","7":"product_cat-yeezy-350-v2","9":"first","10":"instock","11":"sale","12":"shipping-taxable","13":"purchasable","14":"product-type-variable"},"_links":{"self":[{"href":"https:\/\/yeezy.xianzhi.org\/index.php?rest_route=\/wp\/v2\/product\/22434","targetHints":{"allow":["GET"]}}],"collection":[{"href":"https:\/\/yeezy.xianzhi.org\/index.php?rest_route=\/wp\/v2\/product"}],"about":[{"href":"https:\/\/yeezy.xianzhi.org\/index.php?rest_route=\/wp\/v2\/types\/product"}],"wp:featuredmedia":[{"embeddable":true,"href":"https:\/\/yeezy.xianzhi.org\/index.php?rest_route=\/wp\/v2\/media\/22439"}],"wp:attachment":[{"href":"https:\/\/yeezy.xianzhi.org\/index.php?rest_route=%2Fwp%2Fv2%2Fmedia&parent=22434"}],"wp:term":[{"taxonomy":"product_brand","embeddable":true,"href":"https:\/\/yeezy.xianzhi.org\/index.php?rest_route=%2Fwp%2Fv2%2Fproduct_brand&post=22434"},{"taxonomy":"product_cat","embeddable":true,"href":"https:\/\/yeezy.xianzhi.org\/index.php?rest_route=%2Fwp%2Fv2%2Fproduct_cat&post=22434"},{"taxonomy":"product_tag","embeddable":true,"href":"https:\/\/yeezy.xianzhi.org\/index.php?rest_route=%2Fwp%2Fv2%2Fproduct_tag&post=22434"}],"curies":[{"name":"wp","href":"https:\/\/api.w.org\/{rel}","templated":true}]}}