{"id":22364,"date":"2025-07-15T00:54:29","date_gmt":"2025-07-14T16:54:29","guid":{"rendered":"https:\/\/yeezy.xianzhi.org\/?post_type=product&#038;p=22364"},"modified":"2025-07-15T01:32:32","modified_gmt":"2025-07-14T17:32:32","slug":"adidas-yeezy-boost-350-v2-yeshaya","status":"publish","type":"product","link":"https:\/\/yeezy.xianzhi.org\/?product=adidas-yeezy-boost-350-v2-yeshaya","title":{"rendered":"Adidas Yeezy Boost 350 V2 Yeshaya"},"content":{"rendered":"<p><strong><\/strong><meta charset=\"utf-8\"><b data-stringify-type=\"bold\" data-mce-fragment=\"1\"><\/b>Apr\u00e8s deux it\u00e9rations color\u00e9es sorties pour la collection hivernale (Yecheil et Yeezreel). Kanye West opte pour un design sobre avec la <strong>Yeezy Boost 350 V2 Yeshaya<\/strong>. <\/p>\n<p> Le nom du mod\u00e8le qui signifie \u00ab Dieu est le salut \u00bb en h\u00e9breux. rappelle fortement le nom du nouvel album du rappeur \u00ab Jesus is King \u00bb. L&#8217;empeigne en PrimeKnit est compos\u00e9e de gris clair et blanc. s\u00e9par\u00e9 par la classique bande lat\u00e9rale semi-translucide. Le look original de la paire est compl\u00e9t\u00e9 par une semelle de technologie <strong>Boost<\/strong> semi-translucide de couleur blanche et l\u00e9g\u00e8rement gum et de lacets ronds de la m\u00eame couleur que le <strong>PrimeKnit<\/strong>. On note qu&#8217;une version R\u00e9flective sera \u00e9galement disponible.<\/p>\n<p>Pour cette collection hiver. Mr. West a opt\u00e9 pour trois designs tr\u00e8s diff\u00e9rents en jouant la carte de la sobri\u00e9t\u00e9 pour ce mod\u00e8le. Il a su entendre les pri\u00e8res de ses fans.<\/p>\n<p><strong>SKU<\/strong> : FX4348 <br \/><strong>Date de sortie<\/strong> : F\u00e9vrier 2020 <br \/><strong>Colorway<\/strong> : YESHAYA\/YESHAYA-YESHAYA<\/p>\n","protected":false},"excerpt":{"rendered":"<p>Apr\u00e8s deux it\u00e9rations color\u00e9es sorties pour la collecti [&hellip;]<\/p>\n","protected":false},"featured_media":22371,"template":"","meta":[],"product_brand":[],"product_cat":[176,43],"product_tag":[],"class_list":{"0":"post-22364","1":"product","2":"type-product","3":"status-publish","4":"has-post-thumbnail","6":"product_cat-sneakers","7":"product_cat-yeezy-350-v2","9":"first","10":"instock","11":"sale","12":"shipping-taxable","13":"purchasable","14":"product-type-variable"},"_links":{"self":[{"href":"https:\/\/yeezy.xianzhi.org\/index.php?rest_route=\/wp\/v2\/product\/22364","targetHints":{"allow":["GET"]}}],"collection":[{"href":"https:\/\/yeezy.xianzhi.org\/index.php?rest_route=\/wp\/v2\/product"}],"about":[{"href":"https:\/\/yeezy.xianzhi.org\/index.php?rest_route=\/wp\/v2\/types\/product"}],"wp:featuredmedia":[{"embeddable":true,"href":"https:\/\/yeezy.xianzhi.org\/index.php?rest_route=\/wp\/v2\/media\/22371"}],"wp:attachment":[{"href":"https:\/\/yeezy.xianzhi.org\/index.php?rest_route=%2Fwp%2Fv2%2Fmedia&parent=22364"}],"wp:term":[{"taxonomy":"product_brand","embeddable":true,"href":"https:\/\/yeezy.xianzhi.org\/index.php?rest_route=%2Fwp%2Fv2%2Fproduct_brand&post=22364"},{"taxonomy":"product_cat","embeddable":true,"href":"https:\/\/yeezy.xianzhi.org\/index.php?rest_route=%2Fwp%2Fv2%2Fproduct_cat&post=22364"},{"taxonomy":"product_tag","embeddable":true,"href":"https:\/\/yeezy.xianzhi.org\/index.php?rest_route=%2Fwp%2Fv2%2Fproduct_tag&post=22364"}],"curies":[{"name":"wp","href":"https:\/\/api.w.org\/{rel}","templated":true}]}}