{"id":22328,"date":"2025-07-15T00:53:58","date_gmt":"2025-07-14T16:53:58","guid":{"rendered":"https:\/\/yeezy.xianzhi.org\/?post_type=product&#038;p=22328"},"modified":"2025-07-15T01:33:07","modified_gmt":"2025-07-14T17:33:07","slug":"adidas-yeezy-boost-350-v2-cloud-white","status":"publish","type":"product","link":"https:\/\/yeezy.xianzhi.org\/?product=adidas-yeezy-boost-350-v2-cloud-white","title":{"rendered":"Adidas Yeezy Boost 350 V2 Cloud White"},"content":{"rendered":"<p><strong><\/strong><meta charset=\"utf-8\"><b data-stringify-type=\"bold\" data-mce-fragment=\"1\"><\/b>Toute derni\u00e8re d\u00e9clinaison du mod\u00e8le populaire de Kanye West et Adidas. la Yeezy 350 V2 se d\u00e9voile ici dans un nouveau coloris Cloud White. On ne pr\u00e9sente plus la silhouette Yeezy devenue une ic\u00f4ne et traversant les ann\u00e9es. Proche de la couleur <span style=\"text-decoration: underline;\"><strong><\/strong><\/span> d\u00e9voil\u00e9e pr\u00e9c\u00e9demment. cette version Cloud White adopte des tons clairs.<\/p>\n<p>La<strong> Adidas Yeezy 350 V2 Cloud White<\/strong> se pare d&#8217;une empeigne maill\u00e9e en Primeknit blanc. La bande translucide se voit l\u00e9g\u00e8rement jaunie pour donner du contraste au visuel. Le visuel de la paire est \u00e9galement appuy\u00e9 par des notes beiges\/cr\u00e8mes sur l&#8217;irrempla\u00e7able semelle Boost. Comme pour la  et les derniers mod\u00e8les. le heeltab est retir\u00e9 de la silhouette.<\/p>\n<p>Sobre et efficace. cette nouvelle Yeezy plaira sans aucun doute aux nombreux fans du rappeur\/producteur\/designer am\u00e9ricain !<\/p>\n<p><strong>SKU :<\/strong> <span> FW3043 <\/span><br \/><strong>Date de sortie :<\/strong> Septembre 2019 <br \/><strong>Colorway :<\/strong> CLOUDWHITE\/CLOUDWHITE<\/p>\n","protected":false},"excerpt":{"rendered":"<p>Toute derni\u00e8re d\u00e9clinaison du mod\u00e8le populaire de Kanye [&hellip;]<\/p>\n","protected":false},"featured_media":22329,"template":"","meta":[],"product_brand":[],"product_cat":[176,43],"product_tag":[],"class_list":{"0":"post-22328","1":"product","2":"type-product","3":"status-publish","4":"has-post-thumbnail","6":"product_cat-sneakers","7":"product_cat-yeezy-350-v2","9":"first","10":"instock","11":"sale","12":"shipping-taxable","13":"purchasable","14":"product-type-variable"},"_links":{"self":[{"href":"https:\/\/yeezy.xianzhi.org\/index.php?rest_route=\/wp\/v2\/product\/22328","targetHints":{"allow":["GET"]}}],"collection":[{"href":"https:\/\/yeezy.xianzhi.org\/index.php?rest_route=\/wp\/v2\/product"}],"about":[{"href":"https:\/\/yeezy.xianzhi.org\/index.php?rest_route=\/wp\/v2\/types\/product"}],"wp:featuredmedia":[{"embeddable":true,"href":"https:\/\/yeezy.xianzhi.org\/index.php?rest_route=\/wp\/v2\/media\/22329"}],"wp:attachment":[{"href":"https:\/\/yeezy.xianzhi.org\/index.php?rest_route=%2Fwp%2Fv2%2Fmedia&parent=22328"}],"wp:term":[{"taxonomy":"product_brand","embeddable":true,"href":"https:\/\/yeezy.xianzhi.org\/index.php?rest_route=%2Fwp%2Fv2%2Fproduct_brand&post=22328"},{"taxonomy":"product_cat","embeddable":true,"href":"https:\/\/yeezy.xianzhi.org\/index.php?rest_route=%2Fwp%2Fv2%2Fproduct_cat&post=22328"},{"taxonomy":"product_tag","embeddable":true,"href":"https:\/\/yeezy.xianzhi.org\/index.php?rest_route=%2Fwp%2Fv2%2Fproduct_tag&post=22328"}],"curies":[{"name":"wp","href":"https:\/\/api.w.org\/{rel}","templated":true}]}}