{"id":22287,"date":"2025-07-15T00:53:20","date_gmt":"2025-07-14T16:53:20","guid":{"rendered":"https:\/\/yeezy.xianzhi.org\/?post_type=product&#038;p=22287"},"modified":"2025-07-15T01:33:08","modified_gmt":"2025-07-14T17:33:08","slug":"adidas-yeezy-boost-350-v2-static-reflective","status":"publish","type":"product","link":"https:\/\/yeezy.xianzhi.org\/?product=adidas-yeezy-boost-350-v2-static-reflective","title":{"rendered":"Adidas Yeezy Boost 350 V2 Static Reflective"},"content":{"rendered":"<p><strong><\/strong><meta charset=\"utf-8\"><b data-stringify-type=\"bold\" data-mce-fragment=\"1\"><\/b>Kanye West et Adidas s&#8217;associent de nouveau pour finir cette ann\u00e9e en beaut\u00e9. Fort du succ\u00e8s des .<strong> <\/strong>deux nouvelles silhouettes viennent compl\u00e9ter la collection. dont la <strong>Yeezy Boost 350 V2 Static &#8220;Reflective&#8221;<\/strong> sortie en quantit\u00e9 extr\u00eamement limit\u00e9e. ce qui fait d&#8217;elle la Yeezy 350 V2 <strong>la plus rare \u00e0 ce jour<\/strong> !<\/p>\n<p>Le upper du mod\u00e8le s&#8217;habille d&#8217;un Primeknit m\u00e9tallis\u00e9 dans des tons gris clairs et blancs. Ce qui rend le design de cette paire unique. c&#8217;est la bande transparente qui habille sa partie lat\u00e9rale. La particularit\u00e9 de la version \u00ab Reflective \u00bb est la finition r\u00e9fl\u00e9chissante sur la toile. la rendant plus \u00e9tincelante et surtout <strong>brillante lorsqu&#8217;on la flashe.<\/strong> \u00c0 ce jour. c&#8217;est le seul mod\u00e8le de Yeezy \u00e9tant enti\u00e8rement r\u00e9fl\u00e9chissant.<\/p>\n<p> Un aspect futuriste pour cette nouvelle Yeezy Boost 350 V2 qui ne manquera pas de cr\u00e9er l&#8217;\u00e9v\u00e9nement chez les fans de sneakers.<\/p>\n<p><strong>SKU :<\/strong> EF2367<br \/><strong>Date de sortie :<\/strong> D\u00e9cembre 2018<br \/><strong>Colorway :<\/strong> STATIC\/STATIC\/STATIC<\/p>\n","protected":false},"excerpt":{"rendered":"<p>Kanye West et Adidas s&#8217;associent de nouveau pour  [&hellip;]<\/p>\n","protected":false},"featured_media":22289,"template":"","meta":[],"product_brand":[],"product_cat":[176,43],"product_tag":[],"class_list":{"0":"post-22287","1":"product","2":"type-product","3":"status-publish","4":"has-post-thumbnail","6":"product_cat-sneakers","7":"product_cat-yeezy-350-v2","9":"first","10":"instock","11":"sale","12":"shipping-taxable","13":"purchasable","14":"product-type-variable"},"_links":{"self":[{"href":"https:\/\/yeezy.xianzhi.org\/index.php?rest_route=\/wp\/v2\/product\/22287","targetHints":{"allow":["GET"]}}],"collection":[{"href":"https:\/\/yeezy.xianzhi.org\/index.php?rest_route=\/wp\/v2\/product"}],"about":[{"href":"https:\/\/yeezy.xianzhi.org\/index.php?rest_route=\/wp\/v2\/types\/product"}],"wp:featuredmedia":[{"embeddable":true,"href":"https:\/\/yeezy.xianzhi.org\/index.php?rest_route=\/wp\/v2\/media\/22289"}],"wp:attachment":[{"href":"https:\/\/yeezy.xianzhi.org\/index.php?rest_route=%2Fwp%2Fv2%2Fmedia&parent=22287"}],"wp:term":[{"taxonomy":"product_brand","embeddable":true,"href":"https:\/\/yeezy.xianzhi.org\/index.php?rest_route=%2Fwp%2Fv2%2Fproduct_brand&post=22287"},{"taxonomy":"product_cat","embeddable":true,"href":"https:\/\/yeezy.xianzhi.org\/index.php?rest_route=%2Fwp%2Fv2%2Fproduct_cat&post=22287"},{"taxonomy":"product_tag","embeddable":true,"href":"https:\/\/yeezy.xianzhi.org\/index.php?rest_route=%2Fwp%2Fv2%2Fproduct_tag&post=22287"}],"curies":[{"name":"wp","href":"https:\/\/api.w.org\/{rel}","templated":true}]}}