{"id":22244,"date":"2025-07-15T00:52:40","date_gmt":"2025-07-14T16:52:40","guid":{"rendered":"https:\/\/yeezy.xianzhi.org\/?post_type=product&#038;p=22244"},"modified":"2025-07-15T01:33:09","modified_gmt":"2025-07-14T17:33:09","slug":"adidas-yeezy-boost-350-v2-mx-rock","status":"publish","type":"product","link":"https:\/\/yeezy.xianzhi.org\/?product=adidas-yeezy-boost-350-v2-mx-rock","title":{"rendered":"Adidas Yeezy Boost 350 V2 MX Rock"},"content":{"rendered":"<div>\n<p><strong><\/strong> et<span>\u00a0<\/span><span>\u00a0<\/span>terminent l&#8217;ann\u00e9e en beaut\u00e9 avec cette \u00e9dition sp\u00e9ciale de leur embl\u00e9matique<strong>\u00a0<\/strong>.<strong>\u00a0<\/strong><\/p>\n<p>La<span>\u00a0<\/span><strong>Adidas\u00a0Yeezy Boost 350 V2 MX Rock<\/strong><span>\u00a0<\/span>affiche une structure en<span>\u00a0<\/span><strong>Primeknit<\/strong><span>\u00a0<\/span>au<span>\u00a0<\/span><strong>motif marbr\u00e9<\/strong><span>\u00a0<\/span>gris. marron et noir. Une bande transparente traverse le panel et vient s&#8217;incorporer dans le heeltab arri\u00e8re. Les lacets de la tige ainsi que la cage de la<span>\u00a0<\/span><strong>semelle Boost<\/strong><span>\u00a0<\/span>ornent une teinte<span>\u00a0<\/span><strong>brune<\/strong>\u00a0fonc\u00e9e qui peaufine la silhouette<span>\u00a0<\/span><strong>confortable<\/strong><span>\u00a0<\/span>et<span>\u00a0<\/span><strong>\u00e9l\u00e9gante<\/strong>.\u00a0<\/p>\n<p><strong>Date de sortie<\/strong><span>\u00a0<\/span>: D\u00e9cembre 2021<br \/><strong>Colorway<\/strong><span>\u00a0<\/span>: MX ROCK\/ MX ROCK\/MX ROCK\u00a0<\/p>\n<\/div>\n","protected":false},"excerpt":{"rendered":"<p>et\u00a0\u00a0terminent l&#8217;ann\u00e9e en beaut\u00e9 avec cette \u00e9ditio [&hellip;]<\/p>\n","protected":false},"featured_media":22247,"template":"","meta":[],"product_brand":[],"product_cat":[176,43],"product_tag":[],"class_list":{"0":"post-22244","1":"product","2":"type-product","3":"status-publish","4":"has-post-thumbnail","6":"product_cat-sneakers","7":"product_cat-yeezy-350-v2","9":"first","10":"instock","11":"sale","12":"shipping-taxable","13":"purchasable","14":"product-type-variable"},"_links":{"self":[{"href":"https:\/\/yeezy.xianzhi.org\/index.php?rest_route=\/wp\/v2\/product\/22244","targetHints":{"allow":["GET"]}}],"collection":[{"href":"https:\/\/yeezy.xianzhi.org\/index.php?rest_route=\/wp\/v2\/product"}],"about":[{"href":"https:\/\/yeezy.xianzhi.org\/index.php?rest_route=\/wp\/v2\/types\/product"}],"wp:featuredmedia":[{"embeddable":true,"href":"https:\/\/yeezy.xianzhi.org\/index.php?rest_route=\/wp\/v2\/media\/22247"}],"wp:attachment":[{"href":"https:\/\/yeezy.xianzhi.org\/index.php?rest_route=%2Fwp%2Fv2%2Fmedia&parent=22244"}],"wp:term":[{"taxonomy":"product_brand","embeddable":true,"href":"https:\/\/yeezy.xianzhi.org\/index.php?rest_route=%2Fwp%2Fv2%2Fproduct_brand&post=22244"},{"taxonomy":"product_cat","embeddable":true,"href":"https:\/\/yeezy.xianzhi.org\/index.php?rest_route=%2Fwp%2Fv2%2Fproduct_cat&post=22244"},{"taxonomy":"product_tag","embeddable":true,"href":"https:\/\/yeezy.xianzhi.org\/index.php?rest_route=%2Fwp%2Fv2%2Fproduct_tag&post=22244"}],"curies":[{"name":"wp","href":"https:\/\/api.w.org\/{rel}","templated":true}]}}