{"id":22243,"date":"2025-07-15T00:52:40","date_gmt":"2025-07-14T16:52:40","guid":{"rendered":"https:\/\/yeezy.xianzhi.org\/?post_type=product&#038;p=22243"},"modified":"2025-07-15T01:33:09","modified_gmt":"2025-07-14T17:33:09","slug":"adidas-yeezy-boost-350-v2-jade-ash","status":"publish","type":"product","link":"https:\/\/yeezy.xianzhi.org\/?product=adidas-yeezy-boost-350-v2-jade-ash","title":{"rendered":"Adidas Yeezy Boost 350 V2 Jade Ash"},"content":{"rendered":"<p>En ce d\u00e9but d&#8217;automne.  et le label  nous d\u00e9voilent une version in\u00e9dite de leur mod\u00e8le iconique !<\/p>\n<p>La <strong>Adidas Yeezy Boost 350 V2 Jade Ash<\/strong> pr\u00e9sente une base en Primeknit vert jade qui recouvre toute la partie sup\u00e9rieure de l&#8217;empeigne. Sur c\u00f4t\u00e9 ext\u00e9rieur on retrouve la bande signature <strong>SPLY-350<\/strong> en noir. Une cage en TPU translucide vient encapsuler la semelle BOOST et termine le design avant-gardiste.\u00a0<\/p>\n<p>Malgr\u00e9 les controverses autour de <strong>Kanye West<\/strong>. l&#8217;\u00e9quipementier allemand continue de commercialiser les cr\u00e9ations de l&#8217;artiste de Chicago mais ces nouvelles \u00e9ditions risquent\u00a0de symboliser la <strong>fin d&#8217;une \u00e8re<\/strong>\u00a0!\u00a0<\/p>\n<p><strong>SKU<\/strong> :\u00a0HQ2060<br \/><strong>Date de sortie<\/strong> : Octobre 2022<br \/><strong>Colorway<\/strong> : JADE ASH\/JADE ASH\/JADE ASH<\/p>\n","protected":false},"excerpt":{"rendered":"<p>En ce d\u00e9but d&#8217;automne. et le label nous d\u00e9voilent [&hellip;]<\/p>\n","protected":false},"featured_media":22245,"template":"","meta":[],"product_brand":[],"product_cat":[176,43],"product_tag":[],"class_list":{"0":"post-22243","1":"product","2":"type-product","3":"status-publish","4":"has-post-thumbnail","6":"product_cat-sneakers","7":"product_cat-yeezy-350-v2","9":"first","10":"instock","11":"sale","12":"shipping-taxable","13":"purchasable","14":"product-type-variable"},"_links":{"self":[{"href":"https:\/\/yeezy.xianzhi.org\/index.php?rest_route=\/wp\/v2\/product\/22243","targetHints":{"allow":["GET"]}}],"collection":[{"href":"https:\/\/yeezy.xianzhi.org\/index.php?rest_route=\/wp\/v2\/product"}],"about":[{"href":"https:\/\/yeezy.xianzhi.org\/index.php?rest_route=\/wp\/v2\/types\/product"}],"wp:featuredmedia":[{"embeddable":true,"href":"https:\/\/yeezy.xianzhi.org\/index.php?rest_route=\/wp\/v2\/media\/22245"}],"wp:attachment":[{"href":"https:\/\/yeezy.xianzhi.org\/index.php?rest_route=%2Fwp%2Fv2%2Fmedia&parent=22243"}],"wp:term":[{"taxonomy":"product_brand","embeddable":true,"href":"https:\/\/yeezy.xianzhi.org\/index.php?rest_route=%2Fwp%2Fv2%2Fproduct_brand&post=22243"},{"taxonomy":"product_cat","embeddable":true,"href":"https:\/\/yeezy.xianzhi.org\/index.php?rest_route=%2Fwp%2Fv2%2Fproduct_cat&post=22243"},{"taxonomy":"product_tag","embeddable":true,"href":"https:\/\/yeezy.xianzhi.org\/index.php?rest_route=%2Fwp%2Fv2%2Fproduct_tag&post=22243"}],"curies":[{"name":"wp","href":"https:\/\/api.w.org\/{rel}","templated":true}]}}