{"id":22174,"date":"2025-07-15T00:51:40","date_gmt":"2025-07-14T16:51:40","guid":{"rendered":"https:\/\/yeezy.xianzhi.org\/?post_type=product&#038;p=22174"},"modified":"2025-07-15T01:33:12","modified_gmt":"2025-07-14T17:33:12","slug":"adidas-yeezy-boost-350-v2-bone","status":"publish","type":"product","link":"https:\/\/yeezy.xianzhi.org\/?product=adidas-yeezy-boost-350-v2-bone","title":{"rendered":"Adidas Yeezy Boost 350 V2 Bone"},"content":{"rendered":"<p>Le label de \u00a0nous d\u00e9voile un nouveau coloris minimaliste et \u00e9pur\u00e9 aux inspirations anatomiques.\u00a0<\/p>\n<p>La <strong>Adidas Yeezy Boost 350 V2 Bone<\/strong>\u00a0se pare d&#8217;une empeigne monochrome en <strong>Primeknit blanc<\/strong>. Une bande transparente vient s&#8217;impr\u00e9gner sur le c\u00f4t\u00e9 ext\u00e9rieur et rompt l&#8217;aspect uniforme de la silhouette. Un heel-tab en tissu se pose sur le talon tandis qu&#8217;une semelle \u00e0 la technologie <strong>BOOST<\/strong> finalise le design avant-gardiste.\u00a0<\/p>\n<p>Cette \u00a0in\u00e9dite se pr\u00e9sente comme un must-have qui risque de vous accompagner tout au long de la saison !\u00a0<strong><\/p>\n<p>SKU<\/strong> :\u00a0<meta charset=\"utf-8\"><span data-mce-fragment=\"1\">HQ6316<\/span><br \/><strong>Date de sortie<\/strong> : Mars 2022<br \/><strong>Colorway<\/strong> : BONE\/ BONE\/ BONE\u00a0<\/p>\n","protected":false},"excerpt":{"rendered":"<p>Le label de \u00a0nous d\u00e9voile un nouveau coloris minimalist [&hellip;]<\/p>\n","protected":false},"featured_media":22175,"template":"","meta":[],"product_brand":[],"product_cat":[176,43],"product_tag":[],"class_list":{"0":"post-22174","1":"product","2":"type-product","3":"status-publish","4":"has-post-thumbnail","6":"product_cat-sneakers","7":"product_cat-yeezy-350-v2","9":"first","10":"instock","11":"sale","12":"shipping-taxable","13":"purchasable","14":"product-type-variable"},"_links":{"self":[{"href":"https:\/\/yeezy.xianzhi.org\/index.php?rest_route=\/wp\/v2\/product\/22174","targetHints":{"allow":["GET"]}}],"collection":[{"href":"https:\/\/yeezy.xianzhi.org\/index.php?rest_route=\/wp\/v2\/product"}],"about":[{"href":"https:\/\/yeezy.xianzhi.org\/index.php?rest_route=\/wp\/v2\/types\/product"}],"wp:featuredmedia":[{"embeddable":true,"href":"https:\/\/yeezy.xianzhi.org\/index.php?rest_route=\/wp\/v2\/media\/22175"}],"wp:attachment":[{"href":"https:\/\/yeezy.xianzhi.org\/index.php?rest_route=%2Fwp%2Fv2%2Fmedia&parent=22174"}],"wp:term":[{"taxonomy":"product_brand","embeddable":true,"href":"https:\/\/yeezy.xianzhi.org\/index.php?rest_route=%2Fwp%2Fv2%2Fproduct_brand&post=22174"},{"taxonomy":"product_cat","embeddable":true,"href":"https:\/\/yeezy.xianzhi.org\/index.php?rest_route=%2Fwp%2Fv2%2Fproduct_cat&post=22174"},{"taxonomy":"product_tag","embeddable":true,"href":"https:\/\/yeezy.xianzhi.org\/index.php?rest_route=%2Fwp%2Fv2%2Fproduct_tag&post=22174"}],"curies":[{"name":"wp","href":"https:\/\/api.w.org\/{rel}","templated":true}]}}