{"id":22166,"date":"2025-07-15T00:51:33","date_gmt":"2025-07-14T16:51:33","guid":{"rendered":"https:\/\/yeezy.xianzhi.org\/?post_type=product&#038;p=22166"},"modified":"2025-07-15T01:33:12","modified_gmt":"2025-07-14T17:33:12","slug":"adidas-yeezy-boost-350-v2-onyx","status":"publish","type":"product","link":"https:\/\/yeezy.xianzhi.org\/?product=adidas-yeezy-boost-350-v2-onyx","title":{"rendered":"Adidas Yeezy Boost 350 V2 Onyx"},"content":{"rendered":"<p>Apr\u00e8s la  et la . c&#8217;est au tour de l&#8217;embl\u00e9matique  de poss\u00e9der une version <strong>Onyx<\/strong> !\u00a0<\/p>\n<p>La <strong>Adidas Yeezy Boost 350 V2 Onyx<\/strong> arbore une base en <strong>Primeknit noir<\/strong> qui couvre tout l&#8217;ensemble du upper. Des lacets ronds ainsi qu&#8217;une bande lat\u00e9rale viennent sublimer le haut de la structure. Une <strong>semelle BOOST<\/strong> \u00e0 l&#8217;aspect ton sur ton finalise le <strong>design futuriste<\/strong> de Kanye West.<\/p>\n<p>D\u00e9voil\u00e9e aux c\u00f4t\u00e9s de l&#8217;\u00e9dition . la silhouette phare de l&#8217;\u00e9curie  n&#8217;a pas fini de nous surprendre !\u00a0<\/p>\n<p><strong>SKU<\/strong> :\u00a0<meta charset=\"utf-8\"><span data-mce-fragment=\"1\">HQ4540<\/span><br \/><strong>Date de sortie<\/strong> : Juin 2022<br \/><strong>Colorway<\/strong> :\u00a0<meta charset=\"utf-8\"><span data-mce-fragment=\"1\">ONYX\/ONYX\/ONYX<\/span><\/p>\n","protected":false},"excerpt":{"rendered":"<p>Apr\u00e8s la et la . c&#8217;est au tour de l&#8217;embl\u00e9ma [&hellip;]<\/p>\n","protected":false},"featured_media":22168,"template":"","meta":[],"product_brand":[],"product_cat":[176,43],"product_tag":[],"class_list":{"0":"post-22166","1":"product","2":"type-product","3":"status-publish","4":"has-post-thumbnail","6":"product_cat-sneakers","7":"product_cat-yeezy-350-v2","9":"first","10":"instock","11":"sale","12":"shipping-taxable","13":"purchasable","14":"product-type-variable"},"_links":{"self":[{"href":"https:\/\/yeezy.xianzhi.org\/index.php?rest_route=\/wp\/v2\/product\/22166","targetHints":{"allow":["GET"]}}],"collection":[{"href":"https:\/\/yeezy.xianzhi.org\/index.php?rest_route=\/wp\/v2\/product"}],"about":[{"href":"https:\/\/yeezy.xianzhi.org\/index.php?rest_route=\/wp\/v2\/types\/product"}],"wp:featuredmedia":[{"embeddable":true,"href":"https:\/\/yeezy.xianzhi.org\/index.php?rest_route=\/wp\/v2\/media\/22168"}],"wp:attachment":[{"href":"https:\/\/yeezy.xianzhi.org\/index.php?rest_route=%2Fwp%2Fv2%2Fmedia&parent=22166"}],"wp:term":[{"taxonomy":"product_brand","embeddable":true,"href":"https:\/\/yeezy.xianzhi.org\/index.php?rest_route=%2Fwp%2Fv2%2Fproduct_brand&post=22166"},{"taxonomy":"product_cat","embeddable":true,"href":"https:\/\/yeezy.xianzhi.org\/index.php?rest_route=%2Fwp%2Fv2%2Fproduct_cat&post=22166"},{"taxonomy":"product_tag","embeddable":true,"href":"https:\/\/yeezy.xianzhi.org\/index.php?rest_route=%2Fwp%2Fv2%2Fproduct_tag&post=22166"}],"curies":[{"name":"wp","href":"https:\/\/api.w.org\/{rel}","templated":true}]}}