{"id":22147,"date":"2025-07-15T00:48:19","date_gmt":"2025-07-14T16:48:19","guid":{"rendered":"https:\/\/yeezy.xianzhi.org\/?post_type=product&#038;p=22147"},"modified":"2025-07-15T01:58:30","modified_gmt":"2025-07-14T17:58:30","slug":"adidas-yeezy-qntm-onyx","status":"publish","type":"product","link":"https:\/\/yeezy.xianzhi.org\/?product=adidas-yeezy-qntm-onyx","title":{"rendered":"Adidas Yeezy Qntm Onyx"},"content":{"rendered":"<p><meta charset=\"utf-8\"><strong data-mce-fragment=\"1\">YEEZY<\/strong><span data-mce-fragment=\"1\"> nous pr\u00e9pare une nouvelle d\u00e9clinaison de sa . une version &#8220;<strong>Onyx<\/strong>&#8221; reprenant le colorway pr\u00e9c\u00e9demment appos\u00e9 sur la <\/span><span data-mce-fragment=\"1\">.<\/span><\/p>\n<p>La<strong> Adidas Yeezy QNTM Onyx<\/strong> arbore une tige<span data-mce-fragment=\"1\"> \u00e9labor\u00e9e en <strong>Primeknit<\/strong>. affichant un imprim\u00e9 <strong>z\u00e9br\u00e9<\/strong> noir et gris. On retrouve ensuite un chausson en <strong>n\u00e9opr\u00e8ne<\/strong> noir. de m\u00eame que des lacets ronds assortis. Des co-brandings sur les insoles. ainsi qu&#8217;une semelle \u00e9quip\u00e9e de la technologie <strong>Boost<\/strong>. compl\u00e8tent le look.<\/span><strong><br \/><\/strong><\/p>\n<p>La <strong>Yeezy Quantum Onyx<\/strong> est une d\u00e9clinaison <strong>in\u00e9dite<\/strong> qui s&#8217;annonce d\u00e9j\u00e0 comme un incontournable de la saison automnale 2021.<strong><\/p>\n<p>SKU<\/strong> : <meta charset=\"utf-8\"><span data-mce-fragment=\"1\">GX1317<\/span><br \/><strong>Date de sortie<\/strong> : Septembre 2021<br \/><strong>Colorway<\/strong> : ONYX\/ONYX\/ONYX<\/p>\n<div class=\"product-trait css-1vgkauv\" data-mce-fragment=\"1\"><\/div>\n","protected":false},"excerpt":{"rendered":"<p>YEEZY nous pr\u00e9pare une nouvelle d\u00e9clinaison de sa . une [&hellip;]<\/p>\n","protected":false},"featured_media":22153,"template":"","meta":[],"product_brand":[],"product_cat":[176,73],"product_tag":[],"class_list":{"0":"post-22147","1":"product","2":"type-product","3":"status-publish","4":"has-post-thumbnail","6":"product_cat-sneakers","7":"product_cat-yeezy-qntm","9":"first","10":"instock","11":"sale","12":"shipping-taxable","13":"purchasable","14":"product-type-variable"},"_links":{"self":[{"href":"https:\/\/yeezy.xianzhi.org\/index.php?rest_route=\/wp\/v2\/product\/22147","targetHints":{"allow":["GET"]}}],"collection":[{"href":"https:\/\/yeezy.xianzhi.org\/index.php?rest_route=\/wp\/v2\/product"}],"about":[{"href":"https:\/\/yeezy.xianzhi.org\/index.php?rest_route=\/wp\/v2\/types\/product"}],"wp:featuredmedia":[{"embeddable":true,"href":"https:\/\/yeezy.xianzhi.org\/index.php?rest_route=\/wp\/v2\/media\/22153"}],"wp:attachment":[{"href":"https:\/\/yeezy.xianzhi.org\/index.php?rest_route=%2Fwp%2Fv2%2Fmedia&parent=22147"}],"wp:term":[{"taxonomy":"product_brand","embeddable":true,"href":"https:\/\/yeezy.xianzhi.org\/index.php?rest_route=%2Fwp%2Fv2%2Fproduct_brand&post=22147"},{"taxonomy":"product_cat","embeddable":true,"href":"https:\/\/yeezy.xianzhi.org\/index.php?rest_route=%2Fwp%2Fv2%2Fproduct_cat&post=22147"},{"taxonomy":"product_tag","embeddable":true,"href":"https:\/\/yeezy.xianzhi.org\/index.php?rest_route=%2Fwp%2Fv2%2Fproduct_tag&post=22147"}],"curies":[{"name":"wp","href":"https:\/\/api.w.org\/{rel}","templated":true}]}}