{"id":22135,"date":"2025-07-15T00:48:08","date_gmt":"2025-07-14T16:48:08","guid":{"rendered":"https:\/\/yeezy.xianzhi.org\/?post_type=product&#038;p=22135"},"modified":"2025-07-15T01:58:30","modified_gmt":"2025-07-14T17:58:30","slug":"adidas-yeezy-qntm-sea-teal","status":"publish","type":"product","link":"https:\/\/yeezy.xianzhi.org\/?product=adidas-yeezy-qntm-sea-teal","title":{"rendered":"Adidas Yeezy Qntm Sea Teal"},"content":{"rendered":"<p><meta charset=\"utf-8\"><\/p>\n<p data-mce-fragment=\"1\">Une nouvelle version vient compl\u00e9ter la gamme futuriste <strong>QNTM<\/strong> de Yeezy. Apr\u00e8s la version <strong>Frozen Blue<\/strong>. cette \u00e9dition Sea Teal retourne vers le coloris OG du mod\u00e8le.<\/p>\n<p data-mce-fragment=\"1\">La<span data-mce-fragment=\"1\"> <\/span><strong data-mce-fragment=\"1\">Adidas Yeezy QNTM Sea Teal<\/strong><span data-mce-fragment=\"1\"> <\/span>pr\u00e9sente une tige en primeKnit m\u00e9langeant des nuances de gris. noir et bleu. On retrouve le talon en <strong>N\u00e9opr\u00e8ne<\/strong> noir propre a la collection QNTM. Le mod\u00e8le se termine sur une semelle en gomme \u00e9quip\u00e9e de la technologie <strong>boost<\/strong> pour le meilleur amorti possible !<\/p>\n<p data-mce-fragment=\"1\">La <meta charset=\"utf-8\"><strong data-mce-fragment=\"1\">Adidas Yeezy QNTM<span data-mce-fragment=\"1\"> <\/span>Sea Teal <\/strong>devrait ravir les fans de la silhouette par ce coloris se rapprochant de la version OG.<\/p>\n<p data-mce-fragment=\"1\"><strong data-mce-fragment=\"1\">SKU :<\/strong><span data-mce-fragment=\"1\"> GY7926<\/span><br data-mce-fragment=\"1\"><strong data-mce-fragment=\"1\">Date de sortie :<\/strong><span data-mce-fragment=\"1\"> Mars<\/span> 2021<br data-mce-fragment=\"1\"><strong data-mce-fragment=\"1\">Colorway :<\/strong><span data-mce-fragment=\"1\"> SEA-TEAL<\/span>\/<meta charset=\"utf-8\"><span data-mce-fragment=\"1\">SEA-TEAL<\/span><\/p>\n<p><span style=\"margin: 0px auto; border: 2px dotted #000000; position: absolute; z-index: 2147483647; visibility: hidden; left: 452px; width: 0px; top: 131px; height: 0px;\"><\/span><span style=\"z-index: 2147483647; position: absolute; visibility: hidden; left: 437px; width: 50px; top: 116px; height: 20px; font-size: 10px; color: black;\">0<\/span><\/p>\n","protected":false},"excerpt":{"rendered":"<p>Une nouvelle version vient compl\u00e9ter la gamme futuriste [&hellip;]<\/p>\n","protected":false},"featured_media":22141,"template":"","meta":[],"product_brand":[],"product_cat":[176,73],"product_tag":[],"class_list":{"0":"post-22135","1":"product","2":"type-product","3":"status-publish","4":"has-post-thumbnail","6":"product_cat-sneakers","7":"product_cat-yeezy-qntm","9":"first","10":"instock","11":"sale","12":"shipping-taxable","13":"purchasable","14":"product-type-variable"},"_links":{"self":[{"href":"https:\/\/yeezy.xianzhi.org\/index.php?rest_route=\/wp\/v2\/product\/22135","targetHints":{"allow":["GET"]}}],"collection":[{"href":"https:\/\/yeezy.xianzhi.org\/index.php?rest_route=\/wp\/v2\/product"}],"about":[{"href":"https:\/\/yeezy.xianzhi.org\/index.php?rest_route=\/wp\/v2\/types\/product"}],"wp:featuredmedia":[{"embeddable":true,"href":"https:\/\/yeezy.xianzhi.org\/index.php?rest_route=\/wp\/v2\/media\/22141"}],"wp:attachment":[{"href":"https:\/\/yeezy.xianzhi.org\/index.php?rest_route=%2Fwp%2Fv2%2Fmedia&parent=22135"}],"wp:term":[{"taxonomy":"product_brand","embeddable":true,"href":"https:\/\/yeezy.xianzhi.org\/index.php?rest_route=%2Fwp%2Fv2%2Fproduct_brand&post=22135"},{"taxonomy":"product_cat","embeddable":true,"href":"https:\/\/yeezy.xianzhi.org\/index.php?rest_route=%2Fwp%2Fv2%2Fproduct_cat&post=22135"},{"taxonomy":"product_tag","embeddable":true,"href":"https:\/\/yeezy.xianzhi.org\/index.php?rest_route=%2Fwp%2Fv2%2Fproduct_tag&post=22135"}],"curies":[{"name":"wp","href":"https:\/\/api.w.org\/{rel}","templated":true}]}}