{"id":22116,"date":"2025-07-15T00:47:54","date_gmt":"2025-07-14T16:47:54","guid":{"rendered":"https:\/\/yeezy.xianzhi.org\/?post_type=product&#038;p=22116"},"modified":"2025-07-15T01:58:30","modified_gmt":"2025-07-14T17:58:30","slug":"adidas-yeezy-qntm-teal-blue","status":"publish","type":"product","link":"https:\/\/yeezy.xianzhi.org\/?product=adidas-yeezy-qntm-teal-blue","title":{"rendered":"Adidas Yeezy Qntm Teal Blue"},"content":{"rendered":"<p><meta charset=\"utf-8\">Apr\u00e8s la sortie de la . Kanye West et la marque aux trois bandes d\u00e9clinent cette fois-ci leur premi\u00e8re silhouette BBAL dans le coloris <strong>Teal Blue<\/strong>.<\/p>\n<p>La <strong>Adidas Yeezy QNTM Teal Blue<\/strong> est dot\u00e9e d&#8217;une base en <strong>PrimeKnit<\/strong> olive aux touches gris fonc\u00e9 et turquoise. Cette fois-ci d\u00e9pourvu de la cage en TPU. on retrouve comme sur les autre mod\u00e8les un mudguard assorti \u00e0 la base. ainsi que l&#8217;habituel chausson en <strong>n\u00e9opr\u00e8ne<\/strong> noir. Pour finaliser le tout. une midsole blanche <strong>translucide<\/strong> et un renfort gris au talon apportent structure et contraste.<\/p>\n<p>Comme les it\u00e9rations pr\u00e9c\u00e9dentes. ce nouveau coloris joue sur la sobri\u00e9t\u00e9. tout en apportant une subtile touche de couleur. un combo parfait pour la fin de l&#8217;\u00e9t\u00e9 !<\/p>\n<p><strong>SKU<\/strong> : G58864 <br \/><strong>Date de sortie<\/strong> : Octobre 2020 <br \/><strong>Colorway<\/strong> : TEAL BLUE\/ TEAL BLUE\/ TEAL BLUE<\/p>\n","protected":false},"excerpt":{"rendered":"<p>Apr\u00e8s la sortie de la . Kanye West et la marque aux tro [&hellip;]<\/p>\n","protected":false},"featured_media":22118,"template":"","meta":[],"product_brand":[],"product_cat":[176,73],"product_tag":[],"class_list":{"0":"post-22116","1":"product","2":"type-product","3":"status-publish","4":"has-post-thumbnail","6":"product_cat-sneakers","7":"product_cat-yeezy-qntm","9":"first","10":"instock","11":"sale","12":"shipping-taxable","13":"purchasable","14":"product-type-variable"},"_links":{"self":[{"href":"https:\/\/yeezy.xianzhi.org\/index.php?rest_route=\/wp\/v2\/product\/22116","targetHints":{"allow":["GET"]}}],"collection":[{"href":"https:\/\/yeezy.xianzhi.org\/index.php?rest_route=\/wp\/v2\/product"}],"about":[{"href":"https:\/\/yeezy.xianzhi.org\/index.php?rest_route=\/wp\/v2\/types\/product"}],"wp:featuredmedia":[{"embeddable":true,"href":"https:\/\/yeezy.xianzhi.org\/index.php?rest_route=\/wp\/v2\/media\/22118"}],"wp:attachment":[{"href":"https:\/\/yeezy.xianzhi.org\/index.php?rest_route=%2Fwp%2Fv2%2Fmedia&parent=22116"}],"wp:term":[{"taxonomy":"product_brand","embeddable":true,"href":"https:\/\/yeezy.xianzhi.org\/index.php?rest_route=%2Fwp%2Fv2%2Fproduct_brand&post=22116"},{"taxonomy":"product_cat","embeddable":true,"href":"https:\/\/yeezy.xianzhi.org\/index.php?rest_route=%2Fwp%2Fv2%2Fproduct_cat&post=22116"},{"taxonomy":"product_tag","embeddable":true,"href":"https:\/\/yeezy.xianzhi.org\/index.php?rest_route=%2Fwp%2Fv2%2Fproduct_tag&post=22116"}],"curies":[{"name":"wp","href":"https:\/\/api.w.org\/{rel}","templated":true}]}}