{"id":22104,"date":"2025-07-15T00:47:42","date_gmt":"2025-07-14T16:47:42","guid":{"rendered":"https:\/\/yeezy.xianzhi.org\/?post_type=product&#038;p=22104"},"modified":"2025-07-15T01:58:30","modified_gmt":"2025-07-14T17:58:30","slug":"adidas-yeezy-qntm-barium","status":"publish","type":"product","link":"https:\/\/yeezy.xianzhi.org\/?product=adidas-yeezy-qntm-barium","title":{"rendered":"Adidas Yeezy Qntm Barium"},"content":{"rendered":"<p><meta charset=\"utf-8\">Dans la continuit\u00e9 de la . la paire basketball de la marque . <strong>Kanye West<\/strong> imagine une d\u00e9clinaison lifestyle dans des tons verts et gris. On d\u00e9couvre la <strong>Yeezy QNTM Barium<\/strong> !<\/p>\n<p>La <strong>Adidas Yeezy QNTM Barium<\/strong> pr\u00e9sente une tige verte en PrimeKnit accord\u00e9e \u00e0 une cage lat\u00e9rale semi-translucide laissant appara\u00eetre des lignes profil\u00e9es. On retrouve un chausson noir en n\u00e9opr\u00e8ne matchant avec les lacets et le talon r\u00e9fl\u00e9chissant. tandis que la semelle Boost et la gumsole compl\u00e8tent la cr\u00e9ation in\u00e9dite.<\/p>\n<p>Avant-gardiste. futuriste et originale. cette nouvelle d\u00e9clinaison ancre encore plus Yeezy dans l&#8217;histoire de la sneakers de part son go\u00fbt pour les silhouettes audacieuses\u2026<\/p>\n<p><strong>SKU :<\/strong> H68771<br \/><strong>Date de sortie :<\/strong> Juin 2020<br \/><strong>Colorway :<\/strong> BARIUM\/BARIUM-BARIUM<\/p>\n","protected":false},"excerpt":{"rendered":"<p>Dans la continuit\u00e9 de la . la paire basketball de la ma [&hellip;]<\/p>\n","protected":false},"featured_media":22106,"template":"","meta":[],"product_brand":[],"product_cat":[176,73],"product_tag":[],"class_list":{"0":"post-22104","1":"product","2":"type-product","3":"status-publish","4":"has-post-thumbnail","6":"product_cat-sneakers","7":"product_cat-yeezy-qntm","9":"first","10":"instock","11":"sale","12":"shipping-taxable","13":"purchasable","14":"product-type-variable"},"_links":{"self":[{"href":"https:\/\/yeezy.xianzhi.org\/index.php?rest_route=\/wp\/v2\/product\/22104","targetHints":{"allow":["GET"]}}],"collection":[{"href":"https:\/\/yeezy.xianzhi.org\/index.php?rest_route=\/wp\/v2\/product"}],"about":[{"href":"https:\/\/yeezy.xianzhi.org\/index.php?rest_route=\/wp\/v2\/types\/product"}],"wp:featuredmedia":[{"embeddable":true,"href":"https:\/\/yeezy.xianzhi.org\/index.php?rest_route=\/wp\/v2\/media\/22106"}],"wp:attachment":[{"href":"https:\/\/yeezy.xianzhi.org\/index.php?rest_route=%2Fwp%2Fv2%2Fmedia&parent=22104"}],"wp:term":[{"taxonomy":"product_brand","embeddable":true,"href":"https:\/\/yeezy.xianzhi.org\/index.php?rest_route=%2Fwp%2Fv2%2Fproduct_brand&post=22104"},{"taxonomy":"product_cat","embeddable":true,"href":"https:\/\/yeezy.xianzhi.org\/index.php?rest_route=%2Fwp%2Fv2%2Fproduct_cat&post=22104"},{"taxonomy":"product_tag","embeddable":true,"href":"https:\/\/yeezy.xianzhi.org\/index.php?rest_route=%2Fwp%2Fv2%2Fproduct_tag&post=22104"}],"curies":[{"name":"wp","href":"https:\/\/api.w.org\/{rel}","templated":true}]}}