{"id":22086,"date":"2025-07-15T00:42:09","date_gmt":"2025-07-14T16:42:09","guid":{"rendered":"https:\/\/yeezy.xianzhi.org\/?post_type=product&#038;p=22086"},"modified":"2025-07-15T00:46:25","modified_gmt":"2025-07-14T16:46:25","slug":"adidas-yeezy-slide-glow-green","status":"publish","type":"product","link":"https:\/\/yeezy.xianzhi.org\/?product=adidas-yeezy-slide-glow-green","title":{"rendered":"Adidas Yeezy Slide Glow Green"},"content":{"rendered":"<p>Kanye West et Adidas l\u00e8vent le voile sur un nouveau coloris <strong>Glow Green<\/strong> pour la nouvelle  !<\/p>\n<p>La <strong>Adidas Yeezy Slide Glow Green<\/strong> affiche une base uniforme v\u00eatue de vert clair. avec une ouverture sur la moiti\u00e9 de la paire. Une outsole dentel\u00e9e coupl\u00e9e \u00e0 l&#8217;utilisation de la mousse <strong>EVA<\/strong> apportent un confort sans pr\u00e9c\u00e9dent.<\/p>\n<p>Cette d\u00e9clinaison os\u00e9e mais affirm\u00e9e devrait r\u00e9jouir le public de la communaut\u00e9 sneakers. pour finir l&#8217;\u00e9t\u00e9 en beaut\u00e9 !<\/p>\n<p><strong>SKU<\/strong> : GX6138<br \/><strong>Date de sortie<\/strong> : Septembre 2021<br \/><strong>Colorway<\/strong> : GLOW GREEN\/GLOW GREEN\/GLOW GREEN<\/p>\n","protected":false},"excerpt":{"rendered":"<p>Kanye West et Adidas l\u00e8vent le voile sur un nouveau col [&hellip;]<\/p>\n","protected":false},"featured_media":22096,"template":"","meta":[],"product_brand":[],"product_cat":[176,40],"product_tag":[],"class_list":{"0":"post-22086","1":"product","2":"type-product","3":"status-publish","4":"has-post-thumbnail","6":"product_cat-sneakers","7":"product_cat-yeezy-slide","9":"first","10":"instock","11":"sale","12":"shipping-taxable","13":"purchasable","14":"product-type-variable"},"_links":{"self":[{"href":"https:\/\/yeezy.xianzhi.org\/index.php?rest_route=\/wp\/v2\/product\/22086","targetHints":{"allow":["GET"]}}],"collection":[{"href":"https:\/\/yeezy.xianzhi.org\/index.php?rest_route=\/wp\/v2\/product"}],"about":[{"href":"https:\/\/yeezy.xianzhi.org\/index.php?rest_route=\/wp\/v2\/types\/product"}],"wp:featuredmedia":[{"embeddable":true,"href":"https:\/\/yeezy.xianzhi.org\/index.php?rest_route=\/wp\/v2\/media\/22096"}],"wp:attachment":[{"href":"https:\/\/yeezy.xianzhi.org\/index.php?rest_route=%2Fwp%2Fv2%2Fmedia&parent=22086"}],"wp:term":[{"taxonomy":"product_brand","embeddable":true,"href":"https:\/\/yeezy.xianzhi.org\/index.php?rest_route=%2Fwp%2Fv2%2Fproduct_brand&post=22086"},{"taxonomy":"product_cat","embeddable":true,"href":"https:\/\/yeezy.xianzhi.org\/index.php?rest_route=%2Fwp%2Fv2%2Fproduct_cat&post=22086"},{"taxonomy":"product_tag","embeddable":true,"href":"https:\/\/yeezy.xianzhi.org\/index.php?rest_route=%2Fwp%2Fv2%2Fproduct_tag&post=22086"}],"curies":[{"name":"wp","href":"https:\/\/api.w.org\/{rel}","templated":true}]}}